{"id":1294,"date":"2025-02-06T12:30:53","date_gmt":"2025-02-06T12:30:53","guid":{"rendered":"https:\/\/ruderverband-suedwest.de\/?page_id=1294"},"modified":"2025-02-06T12:30:53","modified_gmt":"2025-02-06T12:30:53","slug":"archiv-2024","status":"publish","type":"page","link":"https:\/\/ruderverband-suedwest.de\/?page_id=1294","title":{"rendered":"Archiv 2024"},"content":{"rendered":"\n<p><strong>Deutsche Sprint Meisterschaften in M\u00fcnster<\/strong><\/p>\n\n\n\n<p>In M\u00fcnster wurde die letzte Deutsche Meisterschaft des Jahres 2024 \u00fcber die Sprint-Distanz von 350m ausgetragen. F\u00fcr den Ruderverband S\u00fcdwest gab es wieder einige sch\u00f6ne Medaillen und zwei DM Titel .<\/p>\n\n\n\n<p><strong>Gold<\/strong><br>Anne Kistenpfennig (Mainzer RV) &#8211; im Frauen Doppelvierer<br>Mareike St\u00f6lzner (Mainzer RV) &#8211; im Frauen Doppelvierer<br>Laura Brenker (Mainzer RV) &#8211; im Frauen Doppelvierer<br>Marie-Christine Gerhardt (Mainzer RV) &#8211; im Frauen Doppelvierer<br>Gerrit Sch\u00e4fer (GTRV Neuwied) &#8211; im M\u00e4nner Einer<\/p>\n\n\n\n<p><strong>Silber<\/strong><br>Anne Kistenpfennig (Mainzer RV) &#8211; im Frauen Zweier ohne<br>Raphaela Werner  (Mainzer RV) &#8211; im Frauen Zweier ohne<br>Elias Dickenschied (Mainzer RG) &#8211; im Junioren Doppelzweier A<br>Len Grubert (Mainzer RG) &#8211; im Junioren Doppelzweier A<\/p>\n\n\n\n<p><strong>Bronze<\/strong><br>Marie-Christine Gerhardt (Mainzer RV) im Frauen Achter m. Stf<br>Anne Kistenpfennig  (Mainzer RV) im Frauen Achter m. Stf<br>Anita Kowalski (Mainzer RV) im Frauen Achter m. Stf<br>Christina Berchtold (Mainzer RV) im Frauen Achter m. Stf<br>Raphaela Werner (Mainzer RV) im Frauen Achter m. Stf<br>Laura Brenker (Mainzer RV) im Frauen Achter m. Stf<br>Mareike St\u00f6lzner (Mainzer RV) im Frauen Achter m. Stf<br>Ruth Eisentr\u00e4ger (Mainzer RV) im Frauen Achter m. Stf<br>Rahela Schaaf (Mainzer RV) im Frauen Achter m. Stf<\/p>\n\n\n\n<hr class=\"wp-block-separator has-alpha-channel-opacity\"\/>\n\n\n\n<p><strong>Silber bei der U19 WM f\u00fcr Maximilian Brill<\/strong><\/p>\n\n\n\n<p>Ein starkes Rennen ist der deutsche Zweier ohne mit Maximilian Brill (RG Speyer) auf Schlag gefahren. Mit kr\u00e4ftigen Schl\u00e4gen l\u00f6ste sich das deutsche Boot vom Start weg vom Feld und ging bei 1000m mit 3 L\u00e4ngen Vorsprung \u00fcber die Strecke. Doch auf den letzten 200m wurde es eng und das roum\u00e4nische Boot konnte den deutschen Zweier ganz knapp \u00fcberspurten und gewann das Rennen auf den letzten Metern mit wenigen Zentimetern Vorsprung. Trotzdem ein starkes Rennen des deutschen Bootes und ein sicherer zweiter Platz vor den restlichen Booten<\/p>\n\n\n\n<p><strong>Silber<\/strong><br>Maximilian Brill (RG Speyer) im Zweier ohne<\/p>\n\n\n\n<hr class=\"wp-block-separator has-alpha-channel-opacity\"\/>\n\n\n\n<p><strong>WM der nicht-olympischen Bootsklassen<\/strong><\/p>\n\n\n\n<p>Zusammen mit den U23 und U19 Sportlern wurden auch die nicht-olympischen Bootsklassen in St. Catharines ausgefahren.<br>Der Ruderverband S\u00fcdwest wurde von Tim Streib im leichtgewichts Doppelvierer vertreten. Das Boot konnte die hoch gesteckten Hoffnungen aus dem Bahnverteilungsrennen, das sie gewinnen konnten, nicht ganz erf\u00fcllen, erzielte aber immerhin die Bronzemedaille, nachdem im Endspurt die letzten Kr\u00e4fte fehlten.<\/p>\n\n\n\n<p><strong>Bronze<\/strong><br>Tim Streib (RG Speyer) im leichtgewichts Doppelvierer<\/p>\n\n\n\n<hr class=\"wp-block-separator has-alpha-channel-opacity\"\/>\n\n\n\n<p><strong>Lgw. Doppelvierer U23 wird Weltmeister in St. Catharines<\/strong><\/p>\n\n\n\n<p>Die Konkurrenz war \u00fcberschaubar aber Kanada blieb lange am deutschen Boot dran und versuchte vor eigenem Publikum einige Attacken. Trotzdem reichte es f\u00fcr den deutschen leichtgewichts Doppelvierer mit Maimilian R\u00fchling und Simon Haible mit einer L\u00e4nge Vorsprung zum WM-Titel.<br>Der Frauen-Achter konnte ebenfalls um eine Medaille mitfahren. In einem Rennen, in dem die ersten Pl\u00e4tze im Bereich von Zehntelsekunden lagen, fuhr der deutsche Achter mit Luise Bachmann auf den Bronze-Rang.<\/p>\n\n\n\n<p><strong>Gold<\/strong><br>Maximilian R\u00fchling (Mainzer RV) im leichtgewichts Doppelvierer<br>Simon Haible (RG Treis Karden) im leichtgewichts Doppelvierer<\/p>\n\n\n\n<p><strong>Bronze<\/strong><br>Luise Bachmann (RV Ingelheim) im Frauen Achter<\/p>\n\n\n\n<hr class=\"wp-block-separator has-alpha-channel-opacity\"\/>\n\n\n\n<p><strong>Deutsches Meisterschaftsrudern (Mittel- und Gro\u00dfboote) in Brandenburg<\/strong><\/p>\n\n\n\n<p>Nachdem in den Kleinbooten bereits im Fr\u00fchjahr die Deutschen Meister gesucht wurden, werden im Sommer traditionell in den Mannschaftsbooten die Meister geehrt. Mit dabei waren wieder viele Ruderer aus dem S\u00fcdwesten.<\/p>\n\n\n\n<p><strong>Gold<\/strong><br>Raoul Overrath (Mainzer RV) &#8211; Mixed Achter<br>Eva Hohoff (Ludwigshafener RV) &#8211; Frauen Doppelvierer<\/p>\n\n\n\n<p><strong>Silber<\/strong><br>Lea M\u00fcller-Ruchholtz (RV Treviris Trier) &#8211; Frauen Doppelzweier<br>Annika Elsen (RV Treviris Trier) &#8211; Frauen Doppelzweier<\/p>\n\n\n\n<p><strong>Bronze<\/strong><br>Eva Hohoff (Ludwigshafener RV) &#8211; Mixed Achter<br>Anne Kistenpfennig (Mainzer RV) &#8211; Frauen Achter<br>Ruth Eisentr\u00e4ger (Mainzer RV) &#8211; Frauen Achter<br>Hanaa Outojane (Mainzer RV) &#8211; Frauen Achter<br>Mareike St\u00f6lzner (Mainzer RV) &#8211; Frauen Achter<br>Christina Berchtold (Mainzer RV) &#8211; Frauen Achter<br>Marie-Christine Gerhardt (Mainzer RV) &#8211; Frauen Achter<br>Laura Brenker (Mainzer RV) &#8211; Frauen Achter<br>Anna-Kira L\u00f6ffert (Mainzer RV) &#8211; Frauen Achter<\/p>\n\n\n\n<hr class=\"wp-block-separator has-alpha-channel-opacity\"\/>\n\n\n\n<p><strong>Bundeswettbewerb Jungen und M\u00e4dchen (12 &#8211; 14 Jahre) in Berlin-Gr\u00fcnau<\/strong><\/p>\n\n\n\n<p>Auch unsere j\u00fcngste Gruppe der Ruderer\/innen hatte bereits Ihren Saisonh\u00f6hepunkt gemeistert. Es ist der Bundeswettbewerb f\u00fcr Jungen und M\u00e4dchen. Im \u00dcbrigen die einzige Meisterschaft des DRV f\u00fcr die man sich vorab \u00fcber die Landesmeisterschaften qualifizieren muss. Der Bundeswettbewerb besteht aus einem Langstreckenrennen am Freitag \u00fcber 3000m, einem Zusatzwettbewerb am Samstag und den 1000m Strecken am Sonntag. Dabei werden die Sportler nach den Zeiten vom Freitag in die entsprechenden Abteilungen gesetzt. In der Abteilung 1, die dem A-Finale bei den anderen Meisterschaften entspricht, waren auch einige Sportler des RV S\u00fcdwest zu finden:<\/p>\n\n\n\n<p><strong>Silber<\/strong><br>Runa Seibert (RG Speyer) &#8211; M\u00e4d 1x 13 Jahre<br>Paul Friedrich (Bernkasteler RV) &#8211; Jung 1x 14 Jahre LG<\/p>\n\n\n\n<p><strong>Bronze<\/strong><br>Jakob Balczun (Koblenzer RC Rhenania) &#8211; Jung 1x 14 Jahre<br>Nike G\u00f6rtz (RG Speyer) &#8211; M\u00e4d 2x 13\/14 Jahre LG<br>Lea Sophie Pfannend\u00f6rfer (RG Speyer) &#8211; M\u00e4d 2x 13\/14 Jahre LG<\/p>\n\n\n\n<hr class=\"wp-block-separator has-alpha-channel-opacity\"\/>\n\n\n\n<p><strong>Jahrgangsmeisterschaften U17\/U19\/U23 in Essen<\/strong><\/p>\n\n\n\n<p>Essen ist 2024 wieder Gastgeber der Jahrgangsmeisterschaften gewesen. Mit 1300 Teilnehmern waren auch dieses Jahr Teilnehmerfelder in der Gr\u00f6\u00dfenordnung des letzten Jahres zu verzeichnen. Die Sportler\/innen des Ruderverbandes S\u00fcdwest konnten wieder viele sch\u00f6ne Medaillen sammeln<\/p>\n\n\n\n<p><strong>U23<\/strong><\/p>\n\n\n\n<p><strong>Gold<\/strong><br>Luise Bachmann (RV Ingelheim) im Frauen Vierer ohne<br>Linus David (GTRV Neuwied) im Lgw. M\u00e4nner Doppelzweier<br>Lea Karden (RV Treviris Trier) im Lgw. Frauen Zweier ohne<br>Simon Haible (RG Treis Karden) im Lgw. M\u00e4nner Doppelvierer<br>Linus David (GTRV Neuwied) im Lgw. M\u00e4nner Doppelvierer <br>Luise Bachmenn (RV Ingelheim) im Frauen Achter mit Stf.<br>Ole Bartenbach (RG Speyer) im M\u00e4nner Achter mit Stm.<\/p>\n\n\n\n<p><strong>Silber<\/strong><br>Luise Bachmann (RV Ingelheim) im Frauen Zweier ohne<br>Ole Bartenbach (RG Speyer) im M\u00e4nner Vierer ohne<br>Tobias B\u00f6hm (Mainzer RV) im Lgw. M\u00e4nner Doppelvierer<br>Luca Britten (Saarbr\u00fccker RG Undine) im Lgw. M\u00e4nner Doppelvierer<br>Maximilian R\u00fchling (Mainzer RV) im Lgw. M\u00e4nner Doppelvierer<br>Raphaela Werner (Mainzer RV) im Frauen Achter mit Stf.<br>Paula Hartmann (Mainzer RV) im Frauen Achter mit Stf.<\/p>\n\n\n\n<p><strong>Bronze<\/strong><br>Tobias B\u00f6hm (Mainzer RV) im Lgw. M\u00e4nner Doppelzweier<br>Maximilian R\u00fchling (Mainzer RV) im Lgw. M\u00e4nner Doppelzweier<br>Lea Kaden (RV Treviris Trier) im Lgw. Frauen Doppelvierer<br>Johann Kleis (RV Treviris Trier) im Lgw. M\u00e4nner Doppelvierer<br>Paula Gerundt (Saarbr\u00fccker RG Undine) im Frauen Achter mit Stf.<br>Leon Gronbach (RG Speyer) im M\u00e4nner Achter mit Stm.<\/p>\n\n\n\n<hr class=\"wp-block-separator has-alpha-channel-opacity\"\/>\n\n\n\n<p><strong>U19<\/strong><\/p>\n\n\n\n<p><strong>Gold<\/strong><br>Thea Dimitrova (Koblenzer RC Rhenania) im Lgw. Juniorinnen A Doppelzweier<br>Maximilian Brill (RG Speyer) im Junioren Zweier ohne<br>Maya Steimer (Saarbr\u00fccker RG Undine) im Lgw. Juniorinnen A Doppelvierer<br>Thea Dimitrova (Koblenzer RC Rhenania) im Lgw. Juniorinnen A Doppelvierer <\/p>\n\n\n\n<p><strong>Silber<\/strong><br>Emil Beck (Saarbr\u00fccker RG Undine) im Junior A Vierer mit Stm<\/p>\n\n\n\n<p><strong>Bronze<\/strong><br>Philipp Jensen (Koblenzer RC Rhenania) im Lgw. Junioren A Doppelvierer<br>Georg Tenbusch (RV Treviris Trier) im Junioren A Achter<br>Bahne Schreiber (Mainzer RV) im Junioren A Achter<br>Maximilian Brill (RG Speyer) Im Junioren A Achter<br>Dylan Hild (Saarbr\u00fccker RG Undine) im Lgw. Junioren A Doppelvierer<br>Aurel Russ (Saarbr\u00fccker RG Undine) im Lgw. Junioren A Doppelvierer<\/p>\n\n\n\n<hr class=\"wp-block-separator has-alpha-channel-opacity\"\/>\n\n\n\n<p><strong>U17<\/strong><\/p>\n\n\n\n<p><strong>Gold<\/strong><br>Fritz M\u00f6nch (Saarbr\u00fccker RG Undine) im Lgw. Junioren B Doppelzweier<br>Jasper Weber (RKV Bad Kreuznach) im Lgw. Junioren B Doppelzweier<\/p>\n\n\n\n<p><strong>Silber<\/strong><br>Jan Bornemann (Mainzer RV) im Junioren B Doppelzweier<br>Aron Sch\u00e4fer (Bernkasteler RV) im Junioren B Doppelzweier<br>Janna Friedrich (Bernkasteler RV) im Juniorinnen B Doppelvierer mit Stf.<br>Greta Pohl (Bernkasteler RV) im Juniorinnen B Doppelvierer mit Stf.<br>Marie Heininger (Mainzer RV) im Juniorinnen B Doppelvierer mit Stf.<br>Antonia Stauder (Mainzer RV) im Juniorinnen B Doppelvierer mit Stf.<br>Marla Kipp (Bernkasteler RV) im Juniorinnen B Doppelvierer mit Stf.<br>Jan Bornemann (Mainzer RV) im Junioren B Doppelvierer mit Stm.<br>Linus Bertram (Mainzer RV) im Junioren B Doppelvierer mit Stm.<br>Aron Sch\u00e4fer (Bernkasteler RV) im Junioren B Doppelvierer mit Stm.<br>Georg G\u00f6tz (Mainzer RV) im Junioren B Doppelvierer mit Stm.<br>Mats Zimmermann (Mainzer RV) im Junioren B Doppelvierer mit Stm.<\/p>\n\n\n\n<p><\/p>\n\n\n\n<hr class=\"wp-block-separator has-alpha-channel-opacity\"\/>\n\n\n\n<p><strong>DM-Kleinboot in Krefeld<\/strong><\/p>\n\n\n\n<p>Die n\u00e4chste Deutsche Meisterschaft f\u00fcr 2024 ist Geschichte. Am vergangenen Wochenende wurden die Meister\/innen im Einer und Zweier ohne ermittelt. Auch f\u00fcr unseren Ruderverband gab es im Frauen Einer eine Medaille zu feiern, leider aber auch knappe gute Platzierungen hinter den Medaillenr\u00e4ngen.<\/p>\n\n\n\n<p><strong>Silber<\/strong><br>Katharina Bauer (RV Treviris Trier) im Frauen Einer<\/p>\n\n\n\n<hr class=\"wp-block-separator has-alpha-channel-opacity\"\/>\n\n\n\n<p><strong>Deutsche Ergometer-Meisterschaften in Kettwig<\/strong><\/p>\n\n\n\n<p>Dieses Wochenende ist die Rudersaison 2024 mit der Deutschen Meisterschaft auf dem Ruder-Ergometer gestartet. In Kettwig wurden die ersten Titel \u00fcber die Normaldistanzen vergeben. Am Start waren einige wenige Sportler aus dem Ruderverband S\u00fcdwest. Daf\u00fcr sorgten die Damen der offenen Klasse (19-29 Jahre) in einem packenden Rennen f\u00fcr die ersten Medaillen. Hier gewann Katja Beerscht mit 3\/10 sek Vorsprung vor Paula Hartmann und der letztj\u00e4hrigen Meisterin aus Kettwig.<br>Eine weitere Goldmedaille gab es f\u00fcr Simon Haible aus Treis-Karden bei den Leichgewichts-M\u00e4nnern. Wie schon oft von ihm gezeigt, bleibt er auf der ersten Streckenh\u00e4lfte der 2000 Meter-Wettkampfdistanz an den F\u00fchrenden dran, um dann anzugreifen und die F\u00fchrung zu \u00fcbernehmen und auszubauen. Mit 12,5 Sekunden Vorsprung vor Jonas Hartmann aus M\u00fchlheim und mit pers\u00f6nlicher Bestzeit von 6:24,7 Minuten gewinnt er den Deutschen Meistertitel.<br><\/p>\n\n\n\n<p><strong>Gold<\/strong><br>Katja Beerscht (Mainzer RG) &#8211; Frauen offene Klasse<br>Simon Haible (RG Treis-Karden) &#8211; Leichtgewichts-M\u00e4nner<\/p>\n\n\n\n<p><strong>Silber<\/strong><br>Paula Hartmann (Mainzer RV) &#8211; Frauen offene Klasse<\/p>\n","protected":false},"excerpt":{"rendered":"<p>Deutsche Sprint Meisterschaften in M\u00fcnster In M\u00fcnster wurde die letzte Deutsche Meisterschaft des Jahres 2024 \u00fcber die Sprint-Distanz von 350m ausgetragen. F\u00fcr den Ruderverband S\u00fcdwest gab es wieder einige sch\u00f6ne Medaillen und zwei DM Titel . GoldAnne Kistenpfennig (Mainzer RV) &#8211; im Frauen DoppelviererMareike St\u00f6lzner (Mainzer RV) &#8211; im Frauen DoppelviererLaura Brenker (Mainzer RV) &#8211; &hellip; <\/p>\n<p class=\"link-more\"><a href=\"https:\/\/ruderverband-suedwest.de\/?page_id=1294\" class=\"more-link\"><span class=\"screen-reader-text\">\u201eArchiv 2024\u201c<\/span> weiterlesen<\/a><\/p>\n","protected":false},"author":1,"featured_media":0,"parent":0,"menu_order":0,"comment_status":"closed","ping_status":"closed","template":"","meta":{"footnotes":""},"class_list":["post-1294","page","type-page","status-publish","hentry"],"_links":{"self":[{"href":"https:\/\/ruderverband-suedwest.de\/index.php?rest_route=\/wp\/v2\/pages\/1294","targetHints":{"allow":["GET"]}}],"collection":[{"href":"https:\/\/ruderverband-suedwest.de\/index.php?rest_route=\/wp\/v2\/pages"}],"about":[{"href":"https:\/\/ruderverband-suedwest.de\/index.php?rest_route=\/wp\/v2\/types\/page"}],"author":[{"embeddable":true,"href":"https:\/\/ruderverband-suedwest.de\/index.php?rest_route=\/wp\/v2\/users\/1"}],"replies":[{"embeddable":true,"href":"https:\/\/ruderverband-suedwest.de\/index.php?rest_route=%2Fwp%2Fv2%2Fcomments&post=1294"}],"version-history":[{"count":1,"href":"https:\/\/ruderverband-suedwest.de\/index.php?rest_route=\/wp\/v2\/pages\/1294\/revisions"}],"predecessor-version":[{"id":1295,"href":"https:\/\/ruderverband-suedwest.de\/index.php?rest_route=\/wp\/v2\/pages\/1294\/revisions\/1295"}],"wp:attachment":[{"href":"https:\/\/ruderverband-suedwest.de\/index.php?rest_route=%2Fwp%2Fv2%2Fmedia&parent=1294"}],"curies":[{"name":"wp","href":"https:\/\/api.w.org\/{rel}","templated":true}]}}