{"id":166,"date":"2017-09-28T09:22:36","date_gmt":"2017-09-28T09:22:36","guid":{"rendered":"http:\/\/ruderverband-suedwest.de\/?page_id=166"},"modified":"2020-05-10T17:43:11","modified_gmt":"2020-05-10T17:43:11","slug":"vorstand-3","status":"publish","type":"page","link":"https:\/\/ruderverband-suedwest.de\/?page_id=166","title":{"rendered":"Vorstand"},"content":{"rendered":"<p>In der Mitgliederversammlung 2016 wurde der folgende Vorstand gew\u00e4hlt:<\/p>\n<p><strong>Vorsitzender<\/strong><br \/>\nChristoph Thiem (Mainzer RV)<\/p>\n<p><strong>stellv. Vorsitzender<\/strong><br \/>\nAndreas Beer (RV Ingelheim)<\/p>\n<p><strong>Schatzmeister<br \/>\n<\/strong>Niklas Kopyciok (Binger RG)<\/p>\n<p><strong>Schriftf\u00fchrerin<\/strong><br \/>\nUlrike Jann (Mainzer RG)<\/p>\n<p><strong>Beisitzer<\/strong><br \/>\nHolger Schwarzer (RG Worms)<\/p>\n<p><strong>Rechnungspr\u00fcfer<\/strong><br \/>\nLudwig D\u00fcrsch (Weisenauer RV)<br \/>\nRalf Henke (TRV Rhenania Bingen)<\/p>\n<p><strong>stellv. Rechnungspr\u00fcferin<\/strong><br \/>\nMarion Cruschmann (Weisenauer RV)<\/p>\n","protected":false},"excerpt":{"rendered":"<p>In der Mitgliederversammlung 2016 wurde der folgende Vorstand gew\u00e4hlt: Vorsitzender Christoph Thiem (Mainzer RV) stellv. Vorsitzender Andreas Beer (RV Ingelheim) Schatzmeister Niklas Kopyciok (Binger RG) Schriftf\u00fchrerin Ulrike Jann (Mainzer RG) Beisitzer Holger Schwarzer (RG Worms) Rechnungspr\u00fcfer Ludwig D\u00fcrsch (Weisenauer RV) Ralf Henke (TRV Rhenania Bingen) stellv. Rechnungspr\u00fcferin Marion Cruschmann (Weisenauer RV)<\/p>\n","protected":false},"author":1,"featured_media":0,"parent":0,"menu_order":0,"comment_status":"closed","ping_status":"closed","template":"","meta":{"footnotes":""},"class_list":["post-166","page","type-page","status-publish","hentry"],"_links":{"self":[{"href":"https:\/\/ruderverband-suedwest.de\/index.php?rest_route=\/wp\/v2\/pages\/166","targetHints":{"allow":["GET"]}}],"collection":[{"href":"https:\/\/ruderverband-suedwest.de\/index.php?rest_route=\/wp\/v2\/pages"}],"about":[{"href":"https:\/\/ruderverband-suedwest.de\/index.php?rest_route=\/wp\/v2\/types\/page"}],"author":[{"embeddable":true,"href":"https:\/\/ruderverband-suedwest.de\/index.php?rest_route=\/wp\/v2\/users\/1"}],"replies":[{"embeddable":true,"href":"https:\/\/ruderverband-suedwest.de\/index.php?rest_route=%2Fwp%2Fv2%2Fcomments&post=166"}],"version-history":[{"count":2,"href":"https:\/\/ruderverband-suedwest.de\/index.php?rest_route=\/wp\/v2\/pages\/166\/revisions"}],"predecessor-version":[{"id":548,"href":"https:\/\/ruderverband-suedwest.de\/index.php?rest_route=\/wp\/v2\/pages\/166\/revisions\/548"}],"wp:attachment":[{"href":"https:\/\/ruderverband-suedwest.de\/index.php?rest_route=%2Fwp%2Fv2%2Fmedia&parent=166"}],"curies":[{"name":"wp","href":"https:\/\/api.w.org\/{rel}","templated":true}]}}