{"id":1803,"date":"2026-04-29T07:46:54","date_gmt":"2026-04-29T07:46:54","guid":{"rendered":"https:\/\/ruderverband-suedwest.de\/?page_id=1803"},"modified":"2026-04-29T07:59:36","modified_gmt":"2026-04-29T07:59:36","slug":"1803-2","status":"publish","type":"page","link":"https:\/\/ruderverband-suedwest.de\/?page_id=1803","title":{"rendered":"Regatta Mannheim"},"content":{"rendered":"\n<p><strong>Erste Standort-Bestimmung der U17-Projekt-Boote vom Ruderverband S\u00fcdwest in Mannheim<\/strong><\/p>\n\n\n\n<p>von Larina Wiesen<\/p>\n\n\n\n<p>Besonders \u00fcberzeugen konnte an diesem Wochenende der Leichtgewichts-Doppelvierer mit Steuerfrau im m\u00e4nnlichen U17-Bereich. Die Mannschaft aus Johannes Haag (Mainzer RG), Jan Sommer (RV Treviris Trier), Jonathan Habermehl (RG Speyer), Olaf Lutz (Mainzer RV) und Steuerfrau Dorothea Dette (Mainzer RV) ging in Mannheim im Schwergewichts-Rennen an den Start, konnte sich aber dennoch an beiden Tagen gut pr\u00e4sentieren und gewann am Sonntag souver\u00e4n seinen Lauf. Nach einem gemeinsamen Trainingslager in Varese und starken Leistungen bei der ersten U17-Rangliste des RV S\u00fcdwest in K\u00f6ln zwei Wochen zuvor war dies definitiv der n\u00e4chste wichtige Schritt auf dem Weg zu einer erfolgreichen Saison 2026.<\/p>\n\n\n\n<p>Im gleichen Rennen ging auch der Schwergewichts-Doppelvierer mit Steuerfrau mit Paul Friedrich (Bernkasteler RV), Jakob Balczun (Koblenzer RC Rhenania), Nick Mabic (RV Treviris Trier), Felix Alexy (Mainzer RV) und Steuerfrau Greta Stauder (Mainzer RV) an den Start. Am Samstag setzte die Mannschaft sich vor dem internen Leichtgewichts-Konkurrenten durch und konnte auch am Sonntag seinen Lauf gegen andere Mannschaften aus Hessen, Baden-W\u00fcrttemberg und Bayern gewinnen. Auch dieses Ergebnis ist ein erster wichtiger Schritt zum Saisonauftakt. Im Leichtgewichts-Doppelvierer hatten zwei Mannschaften aus dem S\u00fcdwesten gemeldet. Die Besetzung mit Timo Mickel, Tamino Fielder (beide Saarbr\u00fccker RG Undine), Tim Schneider (RV Treviris Trier), Marion M\u00e4nnle und Steuerfrau Greta Stauder (beide Mainzer RV) fuhr am Samstag auf den zweiten Rang und am Sonntag im gesetzten Lauf auf einen sehr knappen vierten Platz. Die zweite Mannschaft mit Simon W\u00f6hl (RG Treis-Karden), Jakob Volland (RV Treviris Trier), Elias Scherzinger (Saarbr\u00fccker RG Undine), Henry Pinneker (Wormser RC Blau-Wei\u00df) und Steuerfrau Dorothea Dette (Mainzer RV) erreichte am Samstag den dritten Platz und k\u00e4mpfte sich am Sonntag im hinteren gesetzten Lauf im Endspurt auf Platz zwei.<\/p>\n\n\n\n<p>Auch in den Klein- und Mittelbooten konnten die U17-Jungs \u00fcberzeugen. Johannes Haag (Mainzer RG) und Olaf Lutz (Mainzer RV) fuhren an beiden Tagen im Leichtgewichts-Doppelzweier souver\u00e4n nach vorne. Ebenso machte es der Schwergewichts-Doppelzweier mit Nick Mabic (RV Treviris Trier) und Paul Friedrich (Bernkasteler RV), die an beiden Tagen einen Sieg in ihren L\u00e4ufen feiern konnten. Der Zweier ohne mit Felix Alexy (Mainzer RV) und Jakob Balczun (Koblenzer RC Rhenania) startete am Samstag noch etwas holprig mit Platz zwei in die Regatta, konnte dieses Ergebnis jedoch direkt am Sonntag mit einem Sieg in ihrem Lauf wieder begleichen. Jan Sommer (RV Treviris Trier) und Jonathan Habermehl (RG Speyer) gingen im Doppelzweier bei den Schwergewichten an den Start, gewannen am Samstag ihren Lauf souver\u00e4n und mussten sich am Sonntag lediglich der S\u00fcdwest-Kombination mit Paul Friedrich geschlagen geben. Moritz Jost (RV Treviris Trier) und Carl Wol\ufb00 (Saarbr\u00fccker RG Undine) fuhren in diesem Rennen knapp dahinter auf den dritten Platz.<\/p>\n\n\n\n<p>Bei den U17-M\u00e4dchen haben sich \u00fcber den Herbst und Winter im Schwergewichts-Bereich drei Hauptbootsklassen heraus kristallisiert. Marlene Dilk (Mainzer RV) \u00fcberzeugte an beiden Renntagen im Einer und sicherte sich zwei Siege. Ihre Vereinskameradinnen Eva Hermann und Katharina Stauder (beide Mainzer RV) mussten sich am Samstag im Juniorinnen-Zweier ohne noch einer anderen Mannschaft aus Heidelberg geschlagen geben, scha\ufb00ten aber die Kehrtwende zu Tag zwei, an dem sie ihr Rennen schlussendlich gewinnen konnten. Der Juniorinnen-Vierer ohne mit Marlene Dilk, Eva Hermann, Katharina Stauder (alle drei Mainzer RV) und Runa Seibert (RG Speyer) fuhr am Samstag ein starkes Rennen und konnte den Lauf gewinnen. Am Sonntag ruderte statt Runa Seibert Sara Greis (Bernkasteler RV) mit. In diesem Rennen musste sich der Vierer leider einer Besatzung aus Baden-W\u00fcrttemberg geschlagen geben. Dennoch zeigen die Ergebnisse, dass die f\u00fcnf M\u00e4dels \u00fcber den Herbst und Winter gut gearbeitet haben und definitiv auf den n\u00e4chsten Regatten mit ihnen zu rechnen ist. Hannah Schenk (RG Treis-Karden), die im Schwergewichts- und Leichtgewichts-Einer nur am Sonntag an den Start ging, konnte ihr beiden Rennen souver\u00e4n gewinnen und zeigte einmal mehr, dass sie dieses Jahr erneut ganz vorne im Einer mitfahren m\u00f6chte.Im Leichtgewichts-Doppelzweier schickte der RV S\u00fcdwest zwei Mannschaften an den Start. Gabriela K\u00fcnkel und Nike G\u00f6rtz (beide RG Speyer) waren bereits in der Saison 2025 zusammen als Doppelzweier unterwegs. Nach einem durchwachsenen Start am Samstag konnten auch sie ihren Lauf am Sonntag gewinnen und zeigen, dass es nach l\u00e4ngeren Verletzungsausf\u00e4llen nun wieder aufw\u00e4rts gehen kann. Die Besatzung mit Mia Br\u00fcckelmeier (Binger RG) und Caterina Sulis (RV Treviris Trier) wurde am Samstag in ihrem Lauf dritte und k\u00e4mpfte sich am Sonntag im Endspurt noch auf Platz zwei vor.<\/p>\n\n\n\n<p>Als N\u00e4chstes steht nun die internationale Regatta in M\u00fcnchen (9. bis 10. Mai 2026) auf dem Programm. Bis dahin hei\u00dft es f\u00fcr alle flei\u00dfig weiter zu trainieren und das kommende Wochenende noch einmal f\u00fcr ein gemeinsames Mannschaftstraining zu nutzen.<\/p>\n\n\n\n<figure class=\"wp-block-image size-large\"><img loading=\"lazy\" decoding=\"async\" width=\"1024\" height=\"768\" src=\"https:\/\/ruderverband-suedwest.de\/wp-content\/uploads\/2026\/04\/WhatsApp-Image-2026-04-28-at-20.26.49-1024x768.jpeg\" alt=\"\" class=\"wp-image-1807\" srcset=\"https:\/\/ruderverband-suedwest.de\/wp-content\/uploads\/2026\/04\/WhatsApp-Image-2026-04-28-at-20.26.49-1024x768.jpeg 1024w, https:\/\/ruderverband-suedwest.de\/wp-content\/uploads\/2026\/04\/WhatsApp-Image-2026-04-28-at-20.26.49-300x225.jpeg 300w, https:\/\/ruderverband-suedwest.de\/wp-content\/uploads\/2026\/04\/WhatsApp-Image-2026-04-28-at-20.26.49-768x576.jpeg 768w, https:\/\/ruderverband-suedwest.de\/wp-content\/uploads\/2026\/04\/WhatsApp-Image-2026-04-28-at-20.26.49-1536x1152.jpeg 1536w, https:\/\/ruderverband-suedwest.de\/wp-content\/uploads\/2026\/04\/WhatsApp-Image-2026-04-28-at-20.26.49-2048x1536.jpeg 2048w\" sizes=\"auto, (max-width: 767px) 89vw, (max-width: 1000px) 54vw, (max-width: 1071px) 543px, 580px\" \/><\/figure>\n\n\n\n<figure class=\"wp-block-image size-large\"><img loading=\"lazy\" decoding=\"async\" width=\"768\" height=\"1024\" src=\"https:\/\/ruderverband-suedwest.de\/wp-content\/uploads\/2026\/04\/WhatsApp-Image-2026-04-28-at-20.26.50-768x1024.jpeg\" alt=\"\" class=\"wp-image-1808\" srcset=\"https:\/\/ruderverband-suedwest.de\/wp-content\/uploads\/2026\/04\/WhatsApp-Image-2026-04-28-at-20.26.50-768x1024.jpeg 768w, https:\/\/ruderverband-suedwest.de\/wp-content\/uploads\/2026\/04\/WhatsApp-Image-2026-04-28-at-20.26.50-225x300.jpeg 225w, https:\/\/ruderverband-suedwest.de\/wp-content\/uploads\/2026\/04\/WhatsApp-Image-2026-04-28-at-20.26.50-1152x1536.jpeg 1152w, https:\/\/ruderverband-suedwest.de\/wp-content\/uploads\/2026\/04\/WhatsApp-Image-2026-04-28-at-20.26.50-1536x2048.jpeg 1536w, https:\/\/ruderverband-suedwest.de\/wp-content\/uploads\/2026\/04\/WhatsApp-Image-2026-04-28-at-20.26.50-scaled.jpeg 1920w\" sizes=\"auto, (max-width: 767px) 89vw, (max-width: 1000px) 54vw, (max-width: 1071px) 543px, 580px\" \/><\/figure>\n\n\n\n<figure class=\"wp-block-image size-large\"><img loading=\"lazy\" decoding=\"async\" width=\"768\" height=\"1024\" src=\"https:\/\/ruderverband-suedwest.de\/wp-content\/uploads\/2026\/04\/WhatsApp-Image-2026-04_2-28-at-20.26.50-768x1024.jpeg\" alt=\"\" class=\"wp-image-1809\" srcset=\"https:\/\/ruderverband-suedwest.de\/wp-content\/uploads\/2026\/04\/WhatsApp-Image-2026-04_2-28-at-20.26.50-768x1024.jpeg 768w, https:\/\/ruderverband-suedwest.de\/wp-content\/uploads\/2026\/04\/WhatsApp-Image-2026-04_2-28-at-20.26.50-225x300.jpeg 225w, https:\/\/ruderverband-suedwest.de\/wp-content\/uploads\/2026\/04\/WhatsApp-Image-2026-04_2-28-at-20.26.50-1152x1536.jpeg 1152w, https:\/\/ruderverband-suedwest.de\/wp-content\/uploads\/2026\/04\/WhatsApp-Image-2026-04_2-28-at-20.26.50-1536x2048.jpeg 1536w, https:\/\/ruderverband-suedwest.de\/wp-content\/uploads\/2026\/04\/WhatsApp-Image-2026-04_2-28-at-20.26.50-scaled.jpeg 1920w\" sizes=\"auto, (max-width: 767px) 89vw, (max-width: 1000px) 54vw, (max-width: 1071px) 543px, 580px\" \/><\/figure>\n\n\n\n<figure class=\"wp-block-image size-large\"><img loading=\"lazy\" decoding=\"async\" width=\"768\" height=\"1024\" src=\"https:\/\/ruderverband-suedwest.de\/wp-content\/uploads\/2026\/04\/WhatsApp-Image-2026-04-28-at-20.26.52-768x1024.jpeg\" alt=\"\" class=\"wp-image-1811\" srcset=\"https:\/\/ruderverband-suedwest.de\/wp-content\/uploads\/2026\/04\/WhatsApp-Image-2026-04-28-at-20.26.52-768x1024.jpeg 768w, https:\/\/ruderverband-suedwest.de\/wp-content\/uploads\/2026\/04\/WhatsApp-Image-2026-04-28-at-20.26.52-225x300.jpeg 225w, https:\/\/ruderverband-suedwest.de\/wp-content\/uploads\/2026\/04\/WhatsApp-Image-2026-04-28-at-20.26.52-1152x1536.jpeg 1152w, https:\/\/ruderverband-suedwest.de\/wp-content\/uploads\/2026\/04\/WhatsApp-Image-2026-04-28-at-20.26.52-1536x2048.jpeg 1536w, https:\/\/ruderverband-suedwest.de\/wp-content\/uploads\/2026\/04\/WhatsApp-Image-2026-04-28-at-20.26.52-scaled.jpeg 1920w\" sizes=\"auto, (max-width: 767px) 89vw, (max-width: 1000px) 54vw, (max-width: 1071px) 543px, 580px\" \/><\/figure>\n\n\n\n<figure class=\"wp-block-image size-large\"><img loading=\"lazy\" decoding=\"async\" width=\"768\" height=\"1024\" src=\"https:\/\/ruderverband-suedwest.de\/wp-content\/uploads\/2026\/04\/WhatsApp-Image-_22026-04-28-at-20.26.52-768x1024.jpeg\" alt=\"\" class=\"wp-image-1812\" srcset=\"https:\/\/ruderverband-suedwest.de\/wp-content\/uploads\/2026\/04\/WhatsApp-Image-_22026-04-28-at-20.26.52-768x1024.jpeg 768w, https:\/\/ruderverband-suedwest.de\/wp-content\/uploads\/2026\/04\/WhatsApp-Image-_22026-04-28-at-20.26.52-225x300.jpeg 225w, https:\/\/ruderverband-suedwest.de\/wp-content\/uploads\/2026\/04\/WhatsApp-Image-_22026-04-28-at-20.26.52-1152x1536.jpeg 1152w, https:\/\/ruderverband-suedwest.de\/wp-content\/uploads\/2026\/04\/WhatsApp-Image-_22026-04-28-at-20.26.52-1536x2048.jpeg 1536w, https:\/\/ruderverband-suedwest.de\/wp-content\/uploads\/2026\/04\/WhatsApp-Image-_22026-04-28-at-20.26.52-scaled.jpeg 1920w\" sizes=\"auto, (max-width: 767px) 89vw, (max-width: 1000px) 54vw, (max-width: 1071px) 543px, 580px\" \/><\/figure>\n","protected":false},"excerpt":{"rendered":"<p>Erste Standort-Bestimmung der U17-Projekt-Boote vom Ruderverband S\u00fcdwest in Mannheim von Larina Wiesen Besonders \u00fcberzeugen konnte an diesem Wochenende der Leichtgewichts-Doppelvierer mit Steuerfrau im m\u00e4nnlichen U17-Bereich. Die Mannschaft aus Johannes Haag (Mainzer RG), Jan Sommer (RV Treviris Trier), Jonathan Habermehl (RG Speyer), Olaf Lutz (Mainzer RV) und Steuerfrau Dorothea Dette (Mainzer RV) ging in Mannheim im &hellip; <\/p>\n<p class=\"link-more\"><a href=\"https:\/\/ruderverband-suedwest.de\/?page_id=1803\" class=\"more-link\"><span class=\"screen-reader-text\">\u201eRegatta Mannheim\u201c<\/span> weiterlesen<\/a><\/p>\n","protected":false},"author":1,"featured_media":0,"parent":0,"menu_order":0,"comment_status":"closed","ping_status":"closed","template":"","meta":{"footnotes":""},"class_list":["post-1803","page","type-page","status-publish","hentry"],"_links":{"self":[{"href":"https:\/\/ruderverband-suedwest.de\/index.php?rest_route=\/wp\/v2\/pages\/1803","targetHints":{"allow":["GET"]}}],"collection":[{"href":"https:\/\/ruderverband-suedwest.de\/index.php?rest_route=\/wp\/v2\/pages"}],"about":[{"href":"https:\/\/ruderverband-suedwest.de\/index.php?rest_route=\/wp\/v2\/types\/page"}],"author":[{"embeddable":true,"href":"https:\/\/ruderverband-suedwest.de\/index.php?rest_route=\/wp\/v2\/users\/1"}],"replies":[{"embeddable":true,"href":"https:\/\/ruderverband-suedwest.de\/index.php?rest_route=%2Fwp%2Fv2%2Fcomments&post=1803"}],"version-history":[{"count":4,"href":"https:\/\/ruderverband-suedwest.de\/index.php?rest_route=\/wp\/v2\/pages\/1803\/revisions"}],"predecessor-version":[{"id":1817,"href":"https:\/\/ruderverband-suedwest.de\/index.php?rest_route=\/wp\/v2\/pages\/1803\/revisions\/1817"}],"wp:attachment":[{"href":"https:\/\/ruderverband-suedwest.de\/index.php?rest_route=%2Fwp%2Fv2%2Fmedia&parent=1803"}],"curies":[{"name":"wp","href":"https:\/\/api.w.org\/{rel}","templated":true}]}}

<p><strong>Erste Standort-Bestimmung der U17-Projekt-Boote vom Ruderverband Südwest in Mannheim</strong></p>



<p>von Larina Wiesen</p>



<p>Besonders überzeugen konnte an diesem Wochenende der Leichtgewichts-Doppelvierer mit Steuerfrau im männlichen U17-Bereich. Die Mannschaft aus Johannes Haag (Mainzer RG), Jan Sommer (RV Treviris Trier), Jonathan Habermehl (RG Speyer), Olaf Lutz (Mainzer RV) und Steuerfrau Dorothea Dette (Mainzer RV) ging in Mannheim im Schwergewichts-Rennen an den Start, konnte sich aber dennoch an beiden Tagen gut präsentieren und gewann am Sonntag souverän seinen Lauf. Nach einem gemeinsamen Trainingslager in Varese und starken Leistungen bei der ersten U17-Rangliste des RV Südwest in Köln zwei Wochen zuvor war dies definitiv der nächste wichtige Schritt auf dem Weg zu einer erfolgreichen Saison 2026.</p>



<p>Im gleichen Rennen ging auch der Schwergewichts-Doppelvierer mit Steuerfrau mit Paul Friedrich (Bernkasteler RV), Jakob Balczun (Koblenzer RC Rhenania), Nick Mabic (RV Treviris Trier), Felix Alexy (Mainzer RV) und Steuerfrau Greta Stauder (Mainzer RV) an den Start. Am Samstag setzte die Mannschaft sich vor dem internen Leichtgewichts-Konkurrenten durch und konnte auch am Sonntag seinen Lauf gegen andere Mannschaften aus Hessen, Baden-Württemberg und Bayern gewinnen. Auch dieses Ergebnis ist ein erster wichtiger Schritt zum Saisonauftakt. Im Leichtgewichts-Doppelvierer hatten zwei Mannschaften aus dem Südwesten gemeldet. Die Besetzung mit Timo Mickel, Tamino Fielder (beide Saarbrücker RG Undine), Tim Schneider (RV Treviris Trier), Marion Männle und Steuerfrau Greta Stauder (beide Mainzer RV) fuhr am Samstag auf den zweiten Rang und am Sonntag im gesetzten Lauf auf einen sehr knappen vierten Platz. Die zweite Mannschaft mit Simon Wöhl (RG Treis-Karden), Jakob Volland (RV Treviris Trier), Elias Scherzinger (Saarbrücker RG Undine), Henry Pinneker (Wormser RC Blau-Weiß) und Steuerfrau Dorothea Dette (Mainzer RV) erreichte am Samstag den dritten Platz und kämpfte sich am Sonntag im hinteren gesetzten Lauf im Endspurt auf Platz zwei.</p>



<p>Auch in den Klein- und Mittelbooten konnten die U17-Jungs überzeugen. Johannes Haag (Mainzer RG) und Olaf Lutz (Mainzer RV) fuhren an beiden Tagen im Leichtgewichts-Doppelzweier souverän nach vorne. Ebenso machte es der Schwergewichts-Doppelzweier mit Nick Mabic (RV Treviris Trier) und Paul Friedrich (Bernkasteler RV), die an beiden Tagen einen Sieg in ihren Läufen feiern konnten. Der Zweier ohne mit Felix Alexy (Mainzer RV) und Jakob Balczun (Koblenzer RC Rhenania) startete am Samstag noch etwas holprig mit Platz zwei in die Regatta, konnte dieses Ergebnis jedoch direkt am Sonntag mit einem Sieg in ihrem Lauf wieder begleichen. Jan Sommer (RV Treviris Trier) und Jonathan Habermehl (RG Speyer) gingen im Doppelzweier bei den Schwergewichten an den Start, gewannen am Samstag ihren Lauf souverän und mussten sich am Sonntag lediglich der Südwest-Kombination mit Paul Friedrich geschlagen geben. Moritz Jost (RV Treviris Trier) und Carl Wolﬀ (Saarbrücker RG Undine) fuhren in diesem Rennen knapp dahinter auf den dritten Platz.</p>



<p>Bei den U17-Mädchen haben sich über den Herbst und Winter im Schwergewichts-Bereich drei Hauptbootsklassen heraus kristallisiert. Marlene Dilk (Mainzer RV) überzeugte an beiden Renntagen im Einer und sicherte sich zwei Siege. Ihre Vereinskameradinnen Eva Hermann und Katharina Stauder (beide Mainzer RV) mussten sich am Samstag im Juniorinnen-Zweier ohne noch einer anderen Mannschaft aus Heidelberg geschlagen geben, schaﬀten aber die Kehrtwende zu Tag zwei, an dem sie ihr Rennen schlussendlich gewinnen konnten. Der Juniorinnen-Vierer ohne mit Marlene Dilk, Eva Hermann, Katharina Stauder (alle drei Mainzer RV) und Runa Seibert (RG Speyer) fuhr am Samstag ein starkes Rennen und konnte den Lauf gewinnen. Am Sonntag ruderte statt Runa Seibert Sara Greis (Bernkasteler RV) mit. In diesem Rennen musste sich der Vierer leider einer Besatzung aus Baden-Württemberg geschlagen geben. Dennoch zeigen die Ergebnisse, dass die fünf Mädels über den Herbst und Winter gut gearbeitet haben und definitiv auf den nächsten Regatten mit ihnen zu rechnen ist. Hannah Schenk (RG Treis-Karden), die im Schwergewichts- und Leichtgewichts-Einer nur am Sonntag an den Start ging, konnte ihr beiden Rennen souverän gewinnen und zeigte einmal mehr, dass sie dieses Jahr erneut ganz vorne im Einer mitfahren möchte.Im Leichtgewichts-Doppelzweier schickte der RV Südwest zwei Mannschaften an den Start. Gabriela Künkel und Nike Görtz (beide RG Speyer) waren bereits in der Saison 2025 zusammen als Doppelzweier unterwegs. Nach einem durchwachsenen Start am Samstag konnten auch sie ihren Lauf am Sonntag gewinnen und zeigen, dass es nach längeren Verletzungsausfällen nun wieder aufwärts gehen kann. Die Besatzung mit Mia Brückelmeier (Binger RG) und Caterina Sulis (RV Treviris Trier) wurde am Samstag in ihrem Lauf dritte und kämpfte sich am Sonntag im Endspurt noch auf Platz zwei vor.</p>



<p>Als Nächstes steht nun die internationale Regatta in München (9. bis 10. Mai 2026) auf dem Programm. Bis dahin heißt es für alle fleißig weiter zu trainieren und das kommende Wochenende noch einmal für ein gemeinsames Mannschaftstraining zu nutzen.</p>



<figure class="wp-block-image size-large"><img loading="lazy" decoding="async" width="1024" height="768" src="https://ruderverband-suedwest.de/wp-content/uploads/2026/04/WhatsApp-Image-2026-04-28-at-20.26.49-1024x768.jpeg" alt="" class="wp-image-1807" srcset="https://ruderverband-suedwest.de/wp-content/uploads/2026/04/WhatsApp-Image-2026-04-28-at-20.26.49-1024x768.jpeg 1024w, https://ruderverband-suedwest.de/wp-content/uploads/2026/04/WhatsApp-Image-2026-04-28-at-20.26.49-300x225.jpeg 300w, https://ruderverband-suedwest.de/wp-content/uploads/2026/04/WhatsApp-Image-2026-04-28-at-20.26.49-768x576.jpeg 768w, https://ruderverband-suedwest.de/wp-content/uploads/2026/04/WhatsApp-Image-2026-04-28-at-20.26.49-1536x1152.jpeg 1536w, https://ruderverband-suedwest.de/wp-content/uploads/2026/04/WhatsApp-Image-2026-04-28-at-20.26.49-2048x1536.jpeg 2048w" sizes="auto, (max-width: 767px) 89vw, (max-width: 1000px) 54vw, (max-width: 1071px) 543px, 580px" /></figure>



<figure class="wp-block-image size-large"><img loading="lazy" decoding="async" width="768" height="1024" src="https://ruderverband-suedwest.de/wp-content/uploads/2026/04/WhatsApp-Image-2026-04-28-at-20.26.50-768x1024.jpeg" alt="" class="wp-image-1808" srcset="https://ruderverband-suedwest.de/wp-content/uploads/2026/04/WhatsApp-Image-2026-04-28-at-20.26.50-768x1024.jpeg 768w, https://ruderverband-suedwest.de/wp-content/uploads/2026/04/WhatsApp-Image-2026-04-28-at-20.26.50-225x300.jpeg 225w, https://ruderverband-suedwest.de/wp-content/uploads/2026/04/WhatsApp-Image-2026-04-28-at-20.26.50-1152x1536.jpeg 1152w, https://ruderverband-suedwest.de/wp-content/uploads/2026/04/WhatsApp-Image-2026-04-28-at-20.26.50-1536x2048.jpeg 1536w, https://ruderverband-suedwest.de/wp-content/uploads/2026/04/WhatsApp-Image-2026-04-28-at-20.26.50-scaled.jpeg 1920w" sizes="auto, (max-width: 767px) 89vw, (max-width: 1000px) 54vw, (max-width: 1071px) 543px, 580px" /></figure>



<figure class="wp-block-image size-large"><img loading="lazy" decoding="async" width="768" height="1024" src="https://ruderverband-suedwest.de/wp-content/uploads/2026/04/WhatsApp-Image-2026-04_2-28-at-20.26.50-768x1024.jpeg" alt="" class="wp-image-1809" srcset="https://ruderverband-suedwest.de/wp-content/uploads/2026/04/WhatsApp-Image-2026-04_2-28-at-20.26.50-768x1024.jpeg 768w, https://ruderverband-suedwest.de/wp-content/uploads/2026/04/WhatsApp-Image-2026-04_2-28-at-20.26.50-225x300.jpeg 225w, https://ruderverband-suedwest.de/wp-content/uploads/2026/04/WhatsApp-Image-2026-04_2-28-at-20.26.50-1152x1536.jpeg 1152w, https://ruderverband-suedwest.de/wp-content/uploads/2026/04/WhatsApp-Image-2026-04_2-28-at-20.26.50-1536x2048.jpeg 1536w, https://ruderverband-suedwest.de/wp-content/uploads/2026/04/WhatsApp-Image-2026-04_2-28-at-20.26.50-scaled.jpeg 1920w" sizes="auto, (max-width: 767px) 89vw, (max-width: 1000px) 54vw, (max-width: 1071px) 543px, 580px" /></figure>



<figure class="wp-block-image size-large"><img loading="lazy" decoding="async" width="768" height="1024" src="https://ruderverband-suedwest.de/wp-content/uploads/2026/04/WhatsApp-Image-2026-04-28-at-20.26.52-768x1024.jpeg" alt="" class="wp-image-1811" srcset="https://ruderverband-suedwest.de/wp-content/uploads/2026/04/WhatsApp-Image-2026-04-28-at-20.26.52-768x1024.jpeg 768w, https://ruderverband-suedwest.de/wp-content/uploads/2026/04/WhatsApp-Image-2026-04-28-at-20.26.52-225x300.jpeg 225w, https://ruderverband-suedwest.de/wp-content/uploads/2026/04/WhatsApp-Image-2026-04-28-at-20.26.52-1152x1536.jpeg 1152w, https://ruderverband-suedwest.de/wp-content/uploads/2026/04/WhatsApp-Image-2026-04-28-at-20.26.52-1536x2048.jpeg 1536w, https://ruderverband-suedwest.de/wp-content/uploads/2026/04/WhatsApp-Image-2026-04-28-at-20.26.52-scaled.jpeg 1920w" sizes="auto, (max-width: 767px) 89vw, (max-width: 1000px) 54vw, (max-width: 1071px) 543px, 580px" /></figure>



<figure class="wp-block-image size-large"><img loading="lazy" decoding="async" width="768" height="1024" src="https://ruderverband-suedwest.de/wp-content/uploads/2026/04/WhatsApp-Image-_22026-04-28-at-20.26.52-768x1024.jpeg" alt="" class="wp-image-1812" srcset="https://ruderverband-suedwest.de/wp-content/uploads/2026/04/WhatsApp-Image-_22026-04-28-at-20.26.52-768x1024.jpeg 768w, https://ruderverband-suedwest.de/wp-content/uploads/2026/04/WhatsApp-Image-_22026-04-28-at-20.26.52-225x300.jpeg 225w, https://ruderverband-suedwest.de/wp-content/uploads/2026/04/WhatsApp-Image-_22026-04-28-at-20.26.52-1152x1536.jpeg 1152w, https://ruderverband-suedwest.de/wp-content/uploads/2026/04/WhatsApp-Image-_22026-04-28-at-20.26.52-1536x2048.jpeg 1536w, https://ruderverband-suedwest.de/wp-content/uploads/2026/04/WhatsApp-Image-_22026-04-28-at-20.26.52-scaled.jpeg 1920w" sizes="auto, (max-width: 767px) 89vw, (max-width: 1000px) 54vw, (max-width: 1071px) 543px, 580px" /></figure>

<p>Erste Standort-Bestimmung der U17-Projekt-Boote vom Ruderverband Südwest in Mannheim von Larina Wiesen Besonders überzeugen konnte an diesem Wochenende der Leichtgewichts-Doppelvierer mit Steuerfrau im männlichen U17-Bereich. Die Mannschaft aus Johannes Haag (Mainzer RG), Jan Sommer (RV Treviris Trier), Jonathan Habermehl (RG Speyer), Olaf Lutz (Mainzer RV) und Steuerfrau Dorothea Dette (Mainzer RV) ging in Mannheim im &hellip; </p>
<p class="link-more"><a href="https://ruderverband-suedwest.de/?page_id=1803" class="more-link"><span class="screen-reader-text">„Regatta Mannheim“</span> weiterlesen</a></p>
