{"id":272,"date":"2018-01-01T15:05:07","date_gmt":"2018-01-01T15:05:07","guid":{"rendered":"http:\/\/ruderverband-suedwest.de\/?page_id=272"},"modified":"2026-04-29T07:57:23","modified_gmt":"2026-04-29T07:57:23","slug":"aktuell-2","status":"publish","type":"page","link":"https:\/\/ruderverband-suedwest.de\/","title":{"rendered":"Aktuell"},"content":{"rendered":"\n<p><strong>Regatta Mannheim &#8211; Erster Test  f\u00fcr die U19 und U17 Mannschaften des Verbandes<\/strong><\/p>\n\n\n\n<p>Am Wochenende vom 25. und 26. April 2026 fand in Mannheim die 44. SCHOKINAG Oberrheinische Fr\u00fchregatta statt.<\/p>\n\n\n\n<p>Der Ruderverband S\u00fcdwest war mit seinen gebildeten U17-Projekt-Booten angereist, um diese in einem ersten regionalen Vergleich zu testen&#8230;. <a href=\"https:\/\/ruderverband-suedwest.de\/?page_id=1803\">mehr<\/a><\/p>\n\n\n\n<hr class=\"wp-block-separator has-alpha-channel-opacity\"\/>\n\n\n\n<p><strong>Deutsche Kleinboot-Meisterschaften in M\u00fcnchen<\/strong><\/p>\n\n\n\n<figure class=\"wp-block-image size-large\"><img loading=\"lazy\" decoding=\"async\" width=\"1024\" height=\"682\" src=\"https:\/\/ruderverband-suedwest.de\/wp-content\/uploads\/2026\/04\/FrauenZweier2026KB-1024x682.jpg\" alt=\"\" class=\"wp-image-1763\" srcset=\"https:\/\/ruderverband-suedwest.de\/wp-content\/uploads\/2026\/04\/FrauenZweier2026KB-1024x682.jpg 1024w, https:\/\/ruderverband-suedwest.de\/wp-content\/uploads\/2026\/04\/FrauenZweier2026KB-300x200.jpg 300w, https:\/\/ruderverband-suedwest.de\/wp-content\/uploads\/2026\/04\/FrauenZweier2026KB-768x512.jpg 768w, https:\/\/ruderverband-suedwest.de\/wp-content\/uploads\/2026\/04\/FrauenZweier2026KB.jpg 1280w\" sizes=\"auto, (max-width: 767px) 89vw, (max-width: 1000px) 54vw, (max-width: 1071px) 543px, 580px\" \/><\/figure>\n\n\n\n<p>Vom 17. April bis zum 19. April fand in M\u00fcnchen auf der Olympiaregattastrecke von 1972 in Oberschlei\u00dfheim die Deutsche Kleinbootmeisterschaft und die erste Kleinboot\u00fcberpr\u00fcfung der Junioren statt&#8230;     <a href=\"https:\/\/ruderverband-suedwest.de\/?page_id=1749\" data-type=\"page\" data-id=\"1749\">mehr<\/a><\/p>\n\n\n\n<p><strong>Silber<\/strong><br>Annabelle Bachmann (RV Ingelheim) im Frauen Zweier ohne<br>Luise Bachmmann (RV Ingelheim) im Frauen Zweier ohne<br>Maximilian R\u00fchling (Mainzer RV) im Leichtgewichts M\u00e4nner Einer<\/p>\n\n\n\n<p><strong>Bronze<\/strong><br>Raphaela Werner (Mainzer RV) im Frauen Zweier ohne<\/p>\n\n\n\n<hr class=\"wp-block-separator has-alpha-channel-opacity\"\/>\n\n\n\n<p><strong>Ergometer DM in Ludwigshafen<\/strong> <strong>am 31.01.2026<\/strong><\/p>\n\n\n\n<p>Die erste Deutsche Meisterschaft des Jahres ist gelaufen und der Ruderverband S\u00fcdwest kann auch schon die ersten sch\u00f6nen Medaillen feiern.<\/p>\n\n\n\n<p><strong>Gold<\/strong><br>Hannah Schenk (RG Treis Karden) bei den Leichtgewichts Juniorinnen B in der Zeit von 5:33,10 min<br>Maximilian R\u00fchling (Mainzer RV) bei den Leichtgewichts M\u00e4nnern in der Zeit von 6:25,3 min<\/p>\n\n\n\n<p><\/p>\n\n\n\n<p><strong>Silber<\/strong><br>Marlene Dilk (Mainzer RV) bei den Juniorinnen B in der Zeit von 5:29,5 min<br>Felix Alexy (Mainzer RV) bei den Junioren B in der Zeit von 4:52,8 min<br>Olaf Lutz (Mainzer RV) bei den Leichtgewichts Junioren B in der Zeit von 5:12,5 min<br>Jan Bornemann (Mainzer RV) bei den Junioren A in der Zeit von 6:14,0 min<\/p>\n\n\n\n<p><\/p>\n\n\n\n<p><strong>Bronze<\/strong><br>Amelie Viktoria Riedenklau (Creuznacher RV) bei den Juniorinnen B in der Zeit von 5:32,0 min<br>Aron Sch\u00e4fer (RV Bernkastel) bei den Junioren A in der Zeit von 6:21,5 min<\/p>\n\n\n\n<p><\/p>\n\n\n\n<p><\/p>\n","protected":false},"excerpt":{"rendered":"<p>Regatta Mannheim &#8211; Erster Test f\u00fcr die U19 und U17 Mannschaften des Verbandes Am Wochenende vom 25. und 26. April 2026 fand in Mannheim die 44. SCHOKINAG Oberrheinische Fr\u00fchregatta statt. Der Ruderverband S\u00fcdwest war mit seinen gebildeten U17-Projekt-Booten angereist, um diese in einem ersten regionalen Vergleich zu testen&#8230;. mehr Deutsche Kleinboot-Meisterschaften in M\u00fcnchen Vom 17. &hellip; <\/p>\n<p class=\"link-more\"><a href=\"https:\/\/ruderverband-suedwest.de\/\" class=\"more-link\"><span class=\"screen-reader-text\">\u201eAktuell\u201c<\/span> weiterlesen<\/a><\/p>\n","protected":false},"author":1,"featured_media":0,"parent":0,"menu_order":0,"comment_status":"closed","ping_status":"closed","template":"","meta":{"footnotes":""},"class_list":["post-272","page","type-page","status-publish","hentry"],"_links":{"self":[{"href":"https:\/\/ruderverband-suedwest.de\/index.php?rest_route=\/wp\/v2\/pages\/272","targetHints":{"allow":["GET"]}}],"collection":[{"href":"https:\/\/ruderverband-suedwest.de\/index.php?rest_route=\/wp\/v2\/pages"}],"about":[{"href":"https:\/\/ruderverband-suedwest.de\/index.php?rest_route=\/wp\/v2\/types\/page"}],"author":[{"embeddable":true,"href":"https:\/\/ruderverband-suedwest.de\/index.php?rest_route=\/wp\/v2\/users\/1"}],"replies":[{"embeddable":true,"href":"https:\/\/ruderverband-suedwest.de\/index.php?rest_route=%2Fwp%2Fv2%2Fcomments&post=272"}],"version-history":[{"count":358,"href":"https:\/\/ruderverband-suedwest.de\/index.php?rest_route=\/wp\/v2\/pages\/272\/revisions"}],"predecessor-version":[{"id":1815,"href":"https:\/\/ruderverband-suedwest.de\/index.php?rest_route=\/wp\/v2\/pages\/272\/revisions\/1815"}],"wp:attachment":[{"href":"https:\/\/ruderverband-suedwest.de\/index.php?rest_route=%2Fwp%2Fv2%2Fmedia&parent=272"}],"curies":[{"name":"wp","href":"https:\/\/api.w.org\/{rel}","templated":true}]}}