{"id":562,"date":"2020-05-10T18:31:16","date_gmt":"2020-05-10T18:31:16","guid":{"rendered":"http:\/\/ruderverband-suedwest.de\/?page_id=562"},"modified":"2020-05-10T18:31:16","modified_gmt":"2020-05-10T18:31:16","slug":"archiv-2013","status":"publish","type":"page","link":"https:\/\/ruderverband-suedwest.de\/?page_id=562","title":{"rendered":"Archiv 2013"},"content":{"rendered":"\n<figure class=\"wp-block-table\"><table><tbody><tr><td><a href=\"http:\/\/landesruderverbandrheinlandpfalz.de\/wb\/pages\/posts\/silbermedaille-fuer-jonas-wiesen-aus-treis-karden-bei-der-wm-in-chungju89.php\">Silbermedaille f\u00fcr Jonas Wiesen aus Treis-Karden bei der WM in Chungju<\/a><\/td><td>14:03, 04 Sep 2013<\/td><\/tr><tr><td>&nbsp;Auch einen schnellen Steuermann hat Rheinland-Pfalz zu bieten. Jonas Wiesen (RG Treis-Karden) war im &#8222;Wassertaxi&#8220; (Zweier-mit) mit zwei Ruderern aus Berlin bei der WM in Chungju am Start. Gegen die Favoriten aus Italien hatte die junge Mannschaft keine Chance gehabt, aber die Silbermedaille konnten sie im Endspurt erfolgreich gegen die stark aufkommenden Franzosen und das US-Team verteidigen.&nbsp;<\/td><\/tr><tr><td><a href=\"http:\/\/landesruderverbandrheinlandpfalz.de\/wb\/pages\/posts\/richard-schmidt-gewinnt-silber-im-maenner-achter-bei-der-wm88.php\">Richard Schmidt gewinnt Silber im M\u00e4nner-Achter bei der WM<\/a><\/td><td>16:12, 01 Sep 2013<\/td><\/tr><tr><td>&nbsp;Der Deutsche M\u00e4nner-Achter ist bei der WM in Chungju (Korea) ein hervorragendes Rennen gefahren. Auch wenn es f\u00fcr die M\u00e4nner um den Trierer Ruderer Richard Schmidt dieses Jahr nicht ganz gereicht hat, so war das Rennen f\u00fcr die Zuschauer sehr sch\u00f6n anzusehen.Am Start war der Deutsche Achter sehr schnell und konnte seine Spitze nach 200 m leicht in F\u00fchrung bringen. Doch dann zogen die Briten an und k\u00e4mpften sich Schlag um Schlag am Deutschen Achter vorbei. Bei 1500 m war der Vorsprung schon fast auf eine halbe L\u00e4nge angewachsen. Doch nun steigerte Kristof Wilke die Schlagzahl und das Boot kam mit jedem Schlag ein kleines St\u00fcck am Britischen Achter vorbei. Man konnte sehen wie die Ruderer von der Insel nur noch hofften, dass das Ziel gleich erreicht ist. Am Schlu\u00df fehlte dem Deutschen Achter eine halbe Sekunde zum Sieg. Leider war die Strecke dieses Mal 100 m zu kurz, aber die Leistung der beiden Boote war beachtlich, auch wenn man bedenkt, dass der Drittplatzierte eine L\u00e4nge R\u00fcckstand hatte!&nbsp;<\/td><\/tr><tr><td><a href=\"http:\/\/landesruderverbandrheinlandpfalz.de\/wb\/pages\/posts\/wm-silber-fuer-jason-osborne-und-moritz-moos-in-chungju87.php\">WM-Silber f\u00fcr Jason Osborne und Moritz Moos in Chungju<\/a><\/td><td>21:48, 30 Aug 2013<\/td><\/tr><tr><td>&nbsp;Die Mainzer Ruderer Jason Osborne und Moritz Moos fuhren bei der WM im Leichtgewichts Doppelvierer mit Julius Peschel und Jonas Sch\u00fctzeberg ein bemerkenswertes Finale. Nachdem der Vierer in den Vorl\u00e4ufen eine leichte Schw\u00e4che auf den ersten 500m hatte, fuhr die Mannschaft im Finale sehr schnell aus dem Start heraus. Nach 500m war der Vorsprung auf eine halbe L\u00e4nge angewachsen. Bei 800m kam dann der gef\u00fcrchtete Spurt der Griechischen Mannschaft, mit dem sie sich bis zur 1200m Marke an dem Deutschen Vierer vorbei schob. Auf dem letzten Streckenabschnitt konnten die Griechen den Abstand noch auf eine knappe L\u00e4nge im Ziel ausbauen. Aber dahinter hielt der Deutsche Vierer dem Italienischen Boot stand und rettete so seine Silbermedaille ins Ziel. Ein riesen Erfolg f\u00fcr die beiden 19-j\u00e4hrigen Ruderer aus Mainz!Jonathan Koch (Mainzer RV) hatte mit dem Startplatz im Finale schon sein Ziel erreicht. Trotzdem versuchte er im Finale anzugreifen und lie\u00df seine Gegner nicht direkt ziehen. Bis zur 1000m-Marke konnte er sich noch in der Spitze dieses harten Rennens aufhalten, bevor die Kr\u00e4fte nachlie\u00dfen und er auf Platz 5 durchgereicht wurde.&nbsp;<\/td><\/tr><tr><td><a href=\"http:\/\/landesruderverbandrheinlandpfalz.de\/wb\/pages\/posts\/bronze-fuer-kathrin-morbe-bei-junioren-wm-in-trakai86.php\">Bronze f\u00fcr Kathrin Morbe bei Junioren-WM in Trakai<\/a><\/td><td>15:24, 12 Aug 2013<\/td><\/tr><tr><td>&nbsp;Unsere einzige Rheinland-Pf\u00e4lzische Vertretung konnte von der Junioren-WM in Trakai (Litauen) eine Medaille erringen. Kathrin Morbe (RV Treviris Trier)&nbsp;hatte sich als Leichtgwicht f\u00fcr den &#8222;schweren&#8220; Juniorinnen Doppelvierer qualifiziert. Das Finale stellte sich dann auch als gro\u00dfe Herausforderung dar. Zun\u00e4chst war das Deutsche Boot als Favorit von der Mittelbahn gestartet, kam aber am Start nicht gut weg und mu\u00dfte sich auf den zweiten 500m wieder an die Spitze heran k\u00e4mpfen. 500m vor dem Ziel entwickelte sich dann ein Kampf mit 5 Booten um die Medaillen. Zun\u00e4chst f\u00fchrte Rum\u00e4nien, doch auf den letzten Metern &#8222;fing die Mannschaft einen Krebs&#8220; und wurde an das Ende des Feldes durchgereicht. Profitiert haben davon die siegreichen Italienerinnen vor USA, Deutschland und den Niederlanden, die im Sekundentakt ins Ziel kamen.&nbsp;<\/td><\/tr><tr><td><a href=\"http:\/\/landesruderverbandrheinlandpfalz.de\/wb\/pages\/posts\/gold-und-bronze-fuer-mainzer-ruderer-bei-u23-wm85.php\">Gold und Bronze f\u00fcr Mainzer Ruderer bei U23-WM<\/a><\/td><td>13:30, 29 Jul 2013<\/td><\/tr><tr><td>&nbsp;Am vergangenen Wochenende fanden in Linz (AUT) die Weltmeisterschaften der U23-Sportler statt. Am Start waren Ruderer\/innen aus Rheinland-Pfalz, von denen einige in die Medaillenr\u00e4nge fahren konnten.Beeindruckend war die Leistung im Leichtgewichts M\u00e4nner Doppelzweier von Moritz Moos und Jason Osborne (beide Mainzer RV). Vom Vorlauf ab machten die beiden 19-j\u00e4hrigen Ruderer klar, wer die Goldmedaille mitnhemen will. Nach einem Sieg im Vorlauf und Halbfinale, folgte auch im Finale eine starke Vorstellung \u00fcber die 2000m-Strecke. Vom Start weg setzte sich das Boot aus Mainz ab und lie\u00df den Gegnern nie eine Chance am Mainzer Boot vorbei zu spurten. Im Ziel war es die Goldmedaille mit einer knappen L\u00e4nge Vorsprung.F\u00fcr Lea-Katleen K\u00fchne (Mainzer RV) war es das Optimum, was zu erreichen war. Die Favoriten in diesem Rennen waren USA und England. Der Deutsche Frauen-Achter hatte noch zu wenig gemeinsame Rennen gefahren und qualifizierte sich \u00fcber den Hoffnungslauf f\u00fcr das Finale. Das dies kein Nachteil sein muss, zeigte das Deutsche Boot, das sich von Rennen zu Rennen steigern konnte und sich deutlich von den viertplatzierten Australiern absetzen konnte.&nbsp;Mit Platz 5 verabschiedete sich Timo Piontek (Koblenzer RC Rhenania) von der WM. Er konnte im M\u00e4nner Doppelzweier dieses Mal leider nicht in den Kampf um die Medaillen eingreifen.&nbsp;<\/td><\/tr><tr><td><a href=\"http:\/\/landesruderverbandrheinlandpfalz.de\/wb\/pages\/posts\/rheinland-pfaelzer-in-sued-korea-bei-ruder-wm-dabei84.php\">Rheinland-Pf\u00e4lzer in S\u00fcd-Korea bei Ruder-WM dabei<\/a><\/td><td>12:41, 29 Jul 2013<\/td><\/tr><tr><td>&nbsp;F\u00fcr die Weltmeisterschaft in S\u00fcd-Korea hat der Deutsche Ruderverband die folgenden Aktiven aus unserem Land nominiert:<br>Richard Schmidt (RG Treviris Trier) im M\u00e4nner Achter &nbsp;<br>Jonathan Koch (Mainzer RV) im Leichtgewichts M\u00e4nner Einer<br>Moritz Moos (Mainzer RV) im Leichtgewichts M\u00e4nner Doppelvierer<br>Jason Osborne (Mainzer RV) im Leichtgewichts M\u00e4nner Doppelvierer<br>Jonas Wiesen (RG Treis-Karden) als Steuermann im M\u00e4nner Zweier mit<br>Mit dabei ist auch unser Landestrainer Robert Sens als Bootstrainer des Leichtgewichts M\u00e4nner Doppelvierers.&nbsp;<\/td><\/tr><tr><td><a href=\"http:\/\/landesruderverbandrheinlandpfalz.de\/wb\/pages\/posts\/deutsche-meisterschaften-u17-in-koeln82.php\">Deutsche Meisterschaften U17 in K\u00f6ln<\/a><\/td><td>23:03, 24 Jun 2013<\/td><\/tr><tr><td>&nbsp;<strong>Bronze<\/strong>Paul Stein (Koblenzer RC Rhenania) im Leichtgewichts Junioren Einer&nbsp;<\/td><\/tr><tr><td><a href=\"http:\/\/landesruderverbandrheinlandpfalz.de\/wb\/pages\/posts\/deutsche-meisterschaften-u19-in-koeln81.php\">Deutsche Meisterschaften U19 in K\u00f6ln<\/a><\/td><td>12:25, 25 Jun 2013<\/td><\/tr><tr><td>&nbsp;<strong>Gold<\/strong>Alexander Diedrich (RG Treis-Karden) im Leichtgewichts Junioren Einer&nbsp;&nbsp;<strong>Silber<\/strong>Laura Nitzsche (RG Treis-Karden) im Leichtgewichts Juniorinnen Doppelzweier<br>Philipp K\u00f6nig (Binger RG) im Junioren Achter&nbsp;<strong>Bronze<\/strong>Max Nitsche (RV Ingelheim) im Leichtgewichts Junioren Doppelzweier<br>Ruben Falkenburg (GTRV Neuwied) im Leichgewichts Junioren Doppelzweier<br>Kathrin Morbe (RV Treviris Trier) im Juniorinnen Doppelvierer<br>Laura Nitzsche (RG Treis-Karden) im Leichtgewichts Juniorinnen Doppelvierer<br>Katharina Lang (Koblenzer RC Rhenania) im Leichtgewichts Juniorinnen Doppelvierer&nbsp;<\/td><\/tr><tr><td><a href=\"http:\/\/landesruderverbandrheinlandpfalz.de\/wb\/pages\/posts\/deutsche-meisterschaften-u23-in-koeln80.php\">Deutsche Meisterschaften U23 in K\u00f6ln<\/a><\/td><td>22:38, 24 Jun 2013<\/td><\/tr><tr><td>&nbsp;<strong>Gold<\/strong>Jonas Wiesen (RG Treis-Karden) Steuermann im M\u00e4nner Vierer<br>Jonas Wiesen (RG Treis-Karden) Steuermann im M\u00e4nner Achter<br>Moritz Moos (Mainzer RV) im Leichtgewichts M\u00e4nner Doppelzweier<br>Jason Osborne (Mainzer RV) im Leichtgewichts M\u00e4nner Doppelzweier<br>Timo Piontek (Koblenzer RC Rhenania) im M\u00e4nner Doppelvierer<br>Lea-Katlen K\u00fchne (Mainzer RV) im Frauen Achter&nbsp;<strong>Silber<\/strong>Timo Piontek (Koblenzer RC Rhenania) im M\u00e4nner Doppelzweier<br>Lea-Katlen K\u00fchne (Mainzer RV) im Frauen Zweier ohne<br>Jeremias Theus (RG Treviris Trier) im Leichtgewichts M\u00e4nner Achter&nbsp;<\/td><\/tr><tr><td><a href=\"http:\/\/landesruderverbandrheinlandpfalz.de\/wb\/pages\/posts\/jonathan-koch-fuer-world-cup-in-eton-im-doppelzweier-nominiert79.php\">Jonathan Koch f\u00fcr World-Cup in Eton im Doppelzweier nominiert<\/a><\/td><td>06:45, 17 Jun 2013<\/td><\/tr><tr><td>&nbsp;Am letzten Freitag hat sich mit Jonathan Koch (Mainzer RV) ein zweiter Rheinland-Pf\u00e4lzer Ruderer f\u00fcr die Nationalmannschaft beim World-Cup in Eton in einer olympischen Bootsklasse qualifiziert. Er geht dort an der Seite von Lars Hartig (Hamburg) im Leichtgewichts Doppelzweier an den Start. M\u00f6glich wurde dies durch einen zweiten Platz bei der internen Qualifikation in Ratzeburg. Jonathan ging mit einem neuen Boot an den Start, konnte Lars Hartig zwar nicht abfangen, aber doch mit deutlichem Vorsprung vor dem Drittplatzierten Konstantin Steinh\u00fcbel (W\u00fcrzburg) ins Ziel kommen.&nbsp;<\/td><\/tr><tr><td><a href=\"http:\/\/landesruderverbandrheinlandpfalz.de\/wb\/pages\/posts\/gold-und-bronze-bei-der-em-in-sevilla-esp-fuer-rheinland-pfaelzer78.php\">Gold und Bronze bei der EM in Sevilla (ESP) f\u00fcr Rheinland-Pf\u00e4lzer<\/a><\/td><td>08:58, 04 Jun 2013<\/td><\/tr><tr><td>&nbsp;Nachdem der Deutsche Achter bei der Essener Regatta noch nicht so richtig in Schwung war, feierte er, auch Dank einiger Umbesetzungen, die R\u00fcckkehr an die internatioale Spitze. So konnte sich die Mannschaft um unseren Rheinland-Pf\u00e4lzer Ruderer Richard Schmidt (RG Treviris Trier) mit einem Start-Ziel-Sieg den Titel des Europameisters erk\u00e4mpfen und dabei nat\u00fcrlich auch die Gegner aus Polen, Niederlande und Frankreich hinter sich lassen, die in Essen noch \u00fcber das Boot triumphierten.Mit der Bronze Medaille ausgezeichnet wurde die sportliche Leistung von Jonathan Koch (Mainzer RV). Er fuhr \u00fcber die 2000m Strecke ein sehr cleveres Rennen und sch\u00e4tzte seine Leistungen gut ein. So lie\u00df er sich auch nicht durch Aktionen seiner Gegner beeinflussen und gewann letztendlich die Bronzemedaille hinter den Favoriten aus D\u00e4nemark und Portugal, aber vor den Ruderern aus der Schweiz, Italien und Griechenland.&nbsp;<\/td><\/tr><tr><td><a href=\"http:\/\/landesruderverbandrheinlandpfalz.de\/wb\/pages\/posts\/alfred-zimmermann-mit-dem-verdienstkreuz-am-bande-des-verdienstordens-der-bundesrepublik-deutschland-geehrt77.php\">Alfred Zimmermann mit dem Verdienstkreuz am Bande des Verdienstordens der Bundesrepublik Deutschland geehrt<\/a><\/td><td>09:14, 08 May 2013<\/td><\/tr><tr><td>&nbsp;Am 02.05.2013 wurde Alfred Zimmermann diese Ehrung zu teil, als Dank f\u00fcr langj\u00e4hrige ehrenamtliche Arbeit im Sport und der Gesellschaft.Seit 1971 engagiert sich Alfred Zimmermann im Vorstand der RG Speyer. Durch mehrere \u00c4mter hat er sich &#8222;hochgearbeitet&#8220; bis zum Vorsitzenden des Vereins. In dieser Zeit hat sich die RG Speyer zu einer festen sportlichen St\u00fctze im Landesruderverband entwickelt. \u00dcber das Vereinsengagement hinaus hat sich Alfred Zimmermann im Stadtsportverband Speyer oder auch im Sportverband Pfalz f\u00fcr den Sport eingesetzt. Vor allem freut uns sein langj\u00e4hriges Engagement im Vorstand des Landesruderverbandes, sowie in der Deutschen Ruderjugend.F\u00fcr diesen Einsatz bedanken wir uns bei Alfred Zimmermann und freuen uns, dass er durch den Innenminister von Rheinland-Pfalz, Roger Lewentz, diese Auszeichnung entgegen nehmen durfte.&nbsp;<\/td><\/tr><tr><td><a href=\"http:\/\/landesruderverbandrheinlandpfalz.de\/wb\/pages\/posts\/deutsche-kleinbootmeisterschaften-in-duisburg76.php\">Deutsche Kleinbootmeisterschaften in Duisburg<\/a><\/td><td>19:21, 21 Apr 2013<\/td><\/tr><tr><td>&nbsp;Heute wurden die Deutschen Meisterschaften im Kleinboot ausgetragen. D.h., es ging um die Meisterehren im Einer und Zweier-ohne. Mit dabei waren einige Sportler aus Rheinland-Pfalz, die den Sprung in die nationale Spitze geschafft haben. Allen voran unser Olympia-Sieger aus London, Richard Schmidt von der RG Treviris Trier. Mit seinem Partner Eric Johannesen lag Richard bis zur Streckenh\u00e4lfte im M\u00e4nner Zweier-ohne in F\u00fchrung. Zum Ende hin wurden sie aber noch abgefangen und verpassten um 1,5 Zehntel die Silbermedaille. Ein Finalplatz in diesem erstklassigen Feld l\u00e4\u00dft auf jeden Fall die Perspektive zu, bei der WM in diesem Jahr wieder an den Start zu gehen.Einen starken Auftritt lieferten die Talente vom Mainzer RV im Leichtgewichts M\u00e4nner Einer ab. In dem hart umk\u00e4mpften Endlauf konnte Jason Osborne auf den letzten 500 m an drei Gegnern vorbei fahren und wurde mit einer L\u00e4nge R\u00fcckstand Deutscher Vizemeister hinter dem Olympioniken Lars Hartig. Moritz Moos wurde in diesem Rennen 5. Um so beachtlicher ist die Leistung, da beide Sportler ihre erste Saison im Seniorenbereich bestreiten.&nbsp;<\/td><\/tr><tr><td><a href=\"http:\/\/landesruderverbandrheinlandpfalz.de\/wb\/pages\/posts\/start-in-die-wettkampfsaison-201375.php\">Start in die Wettkampfsaison 2013<\/a><\/td><td>10:14, 09 Apr 2013<\/td><\/tr><tr><td>&nbsp;Am letzten Wochenende war es wieder soweit. Mit der Langstrecke in Leipzig startete der DRV in die Regattasaison 2013. Mit dabei waren auch wieder Sportlerinnen und Sportler aus Rheinland-Pfalz, die sich f\u00fcr die internationalen Wettk\u00e4mpfe der Saison empfehlen wollen. Einen guten Start erwischte dabei Richard Schmidt (RG Treviris Trier), der mit seinem neuen Zweier-Partner Eric Johannesen auf Platz Zwei ins Ziel fuhr. Insgesamt stellte sich hierbei ein sehr starkes Feld dem Starter, da die ersten 8 Boote nach 6000m innerhalb von 24 Sekunden ins Ziel kamen.<br>Eine ebenfalls vielversprechende Leistung gaben die Leichtgewichts-Skuller vom Mainzer RV ab. Nachdem auch die leichten Riemenruderer im Einer an den Start gehen mu\u00dften, gingen 58 Boote in dieser Klasse \u00fcber die 6000m Strecke. Auf Platz 2 und 3 konnten sich Jason Osborne, der Neuzugang aus Marl, und Jonathan Koch (die Beiden trennte nur 1 Sekunde) hervorragend platzieren. Mit Moritz Moos auf Platz 8 und Michael Etzkorn auf Platz 19 konnten sich auch die Mannschaftskollegen noch im vorderen Drittel behaupten.<br>In zwei Wochen wird sich beim Fr\u00fchtest in Duisburg zeigen, welchen Einflu\u00df die Langstreckenergebnisse auf die Leistungen \u00fcber die Wettkampfstrecke haben.&nbsp;<\/td><\/tr><tr><td><a href=\"http:\/\/landesruderverbandrheinlandpfalz.de\/wb\/pages\/posts\/bundesstuetzpunkt---nachwuchs74.php\">Bundesst\u00fctzpunkt &#8211; Nachwuchs<\/a><\/td><td>10:09, 08 Mar 2013<\/td><\/tr><tr><td>&nbsp;Von Januar 2013 bis Dezember 2016 hat der Deutsche Ruderverband einen Bundesst\u00fctzpunkt-Nachwuchs an den Standort Mainz\/Frankfurt vergeben. Nat\u00fcrlich sollen dort auch die Satellitenstandorte im Land mit angegliedert werden (Koblenz, Speyer und Trier) und den Bundesst\u00fctzpunkt unterst\u00fctzen. St\u00fctzpunktleiter ist der Vorsitzende des Landesruderverbandes Ulrich Steinfurth. Das erarbeitete Konzept zu dem St\u00fctzpunkt finden Sie auf den folgenden Seiten.<a href=\"http:\/\/landesruderverbandrheinlandpfalz.de\/wb\/pages\/sport\/bundesstuetzpunkt---nachwuchs.php\">-&gt; zum Konzept<\/a>&nbsp;<\/td><\/tr><tr><td><a href=\"http:\/\/landesruderverbandrheinlandpfalz.de\/wb\/pages\/posts\/rheinland-pfaelzer-bei-ergometerweltmeisterschaften-ganz-vorne73.php\">Rheinland-Pf\u00e4lzer bei Ergometerweltmeisterschaften ganz vorne<\/a><\/td><td>02:04, 18 Feb 2013<\/td><\/tr><tr><td>&nbsp;Bei den Ergometerweltmeisterschaften in Boston konnten sich zwei Ruderer aus Rheinland-Pfalz ganz vorne positionieren.<br>Der Leichtgewichtsruderer Alexander Diedrich (RG Treis-Karden) gewann die Klasse der Junioren Lgw. (194 Starter) in der Zeit von 6:27,4 mit knappen 3 zehntel Sekunden Vorsprung. In der Altersklasse 40 &#8211; 49 (21 Starterinnen) war es wieder Petra Schallenberger (Koblenzer RC Rhenania), die ihren Gegnerinnen im Leichtgewicht keine Chance lie\u00df und zum wiederholten Male Ergometerweltmeisterin wurde.&nbsp;&nbsp;<\/td><\/tr><tr><td><a href=\"http:\/\/landesruderverbandrheinlandpfalz.de\/wb\/pages\/posts\/ausschreibung-zu-neuen-lehrgaengen72.php\">Ausschreibung zu neuen Lehrg\u00e4ngen<\/a><\/td><td>02:04, 18 Feb 2013<\/td><\/tr><tr><td>&nbsp;Der Landesruderverband m\u00f6chte auf die neuen Lehrg\u00e4nge &#8222;Rudertrainer-C&#8220; und &#8222;Wintertraining mit Kindern&#8220; hinweisen. \u00dcber den folgenden Link erhalten sie die Ausschreibungen. Bitte beachten sie den &#8222;Meldeschluss&#8220; zu den Lehrg\u00e4ngen.<a href=\"http:\/\/landesruderverbandrheinlandpfalz.de\/wb\/pages\/sport\/lehre-und-ausbildung\/aktuelle-lehrgaenge\/lehrgang-trainer-c.php\"><br>Sport \/ Lehre und Ausbildung \/ Aktuelle Lehrg\u00e4nge<\/a><a href=\"http:\/\/landesruderverbandrheinlandpfalz.de\/wb\/pages\/sport\/lehre-und-ausbildung\/aktuelle-lehrgaenge\/lehrgang-trainer-c.php\">&nbsp;\/ Trainer C<\/a>&nbsp;<a href=\"http:\/\/landesruderverbandrheinlandpfalz.de\/wb\/pages\/sport\/lehre-und-ausbildung\/aktuelle-lehrgaenge\/wintertraining-fuer-kinder.php\">Sport \/ Lehre und Ausbildung \/ Aktuelle Lehrg\u00e4nge \/ Wintertraining mit Kindern<\/a>&nbsp;&nbsp;<\/td><\/tr><tr><td><a href=\"http:\/\/landesruderverbandrheinlandpfalz.de\/wb\/pages\/posts\/c-trainer-lehrgang-erfolgreich-abgeschlossen70.php\">C-Trainer Lehrgang erfolgreich abgeschlossen<\/a><\/td><td>00:19, 05 Feb 2013<\/td><\/tr><tr><td>&nbsp;&nbsp;<img loading=\"lazy\" decoding=\"async\" src=\"http:\/\/landesruderverbandrheinlandpfalz.de\/wb\/media\/Lehrgaenge\/Trainer-C%202013.JPG\" width=\"400\" height=\"300\" alt=\"\">&nbsp;Am 3.2.2013 endete in Koblenz der diesj\u00e4hrige Winterkurs des Landesruderverbandes Rheinland-Pfalz mit der Verleihung der Lizenzen an 10 frischgebackene C-Trainer Leistungssport in der Disziplin Rudern. Alle Teilnehmer bestanden das Pr\u00fcfungswochenende.&nbsp;&nbsp;Die 10 Teilnehmerinnen und Teilnehmer zwischen 16 und 54 Jahren stammen aus Rudervereinen in Rheinland-Pfalz und dem Saarland und haben mit den am 11. Oktober 2012 gestarteten, insgesamt 5 Wochenend-Einheiten, ihr Wissen rund um das Training im Rudern vertieft und abgerundet.&nbsp;&nbsp;In 120 Lehreinheiten verstand es der Lehrbeauftragte des LRV Rheinland-Pfalz, Andr\u00e9 Schallenberger die Teilnehmer und Teilnehmerinnen zu motivieren und ihren Blick f\u00fcr die wesentlichen und wichtigen Aspekte im Ruder-Trainingsalltag zu sch\u00e4rfen und das DRV-Leitbild RUDERN bestens zu vermitteln.&nbsp;&nbsp;Fallweise hinzugezogene externe Dozenten und Betreuer erg\u00e4nzten das Ausbildungsprogramm mit Themen, die von allen TeilnehmerInnen als interessant und lehrreich beurteilt wurden.&nbsp;&nbsp;Mit Themen wie Bootseinstellung bis Zirkeltraining, Sicherheit auf dem Wasser, der selbst\u00e4ndigen Gestaltung von Sporteinheiten und Trainingspl\u00e4nen, Trainingssteuerung bis hin zu ern\u00e4hrungsspezifischen Fragestellungen und der Sensibilisierung zu Themen wie Doping-Pr\u00e4vention, Umgang mit Jugendlichen und der p\u00e4dagogischen Aufbereitung von Lehrinhalten, aber auch der Gestaltung von Wanderfahrten und Regatten wurde ein breit gef\u00e4chertes Spektrum vermittelt.&nbsp;Die TeilnehmerInnen starten nun hochmotiviert, mit aktuellem Wissen ausgestattet, ihre Tagesarbeit in den Vereinen mit dem Ziel, Jung und Alt fach- und sachgerecht in der Aus\u00fcbung dieser sch\u00f6nen und naturverbundenen Ausdauersportart zu unterweisen.&nbsp;&nbsp;<\/td><\/tr><tr><td><a href=\"http:\/\/landesruderverbandrheinlandpfalz.de\/wb\/pages\/posts\/wintertrainingslager-2012-2013-des-landesruderverbandes69.php\">Wintertrainingslager 2012 \/ 2013 des Landesruderverbandes<\/a><\/td><td>19:35, 03 Feb 2013<\/td><\/tr><tr><td>&nbsp;&nbsp;&nbsp;&nbsp;Das diesj\u00e4hrige Wintertrainingslager des Ruderverbands Rheinland-Pfalz, ein paar Saarl\u00e4ndern, ein paar weiteren Sportlern aus Hessen und Nordrhein-Westfahlen fand unter Betreuung des Landestrainers Robert Sens, seiner Frau Catriona Sens, sowie den Trainerkollegen Benedikt Schwarz und Patrick Klein in der malerischen K\u00fcstenstadt in Le Grau du Roi statt. Das Traininsglager, eine wichtige Grundlage f\u00fcr die Saison 2013, diente vor allem der technischen Verbesserung, sowie der allgemeinen Grundausdauer der Sportler.&nbsp;&nbsp;&nbsp;<\/td><\/tr><tr><td><a href=\"http:\/\/landesruderverbandrheinlandpfalz.de\/wb\/pages\/posts\/deutsche-indoor-rowing-meisterschaften-2012201368.php\">Deutsche Indoor-Rowing Meisterschaften 2012\/2013<\/a><\/td><td>17:29, 27 Jan 2013<\/td><\/tr><tr><td>&nbsp;Es hat gereicht f\u00fcr Marvin Degen (RG Speyer) in der Klasse der Lgw. Junioren B. An der hervorragenden Zeit von 4:56,1 min \u00fcber 1500m &#8211; aufgestellt beim Ergometer Wettkampf in Ludwigshafen &#8211; kam auch beim Finale in Kettwig niemand mehr vorbei. Somit gewinnt er den Titel im Winter 2012\/13.<br>In der Altersklasse A bei den Lgw. Junioren tat es ihm Alexander Diedrich (RG Treis-Karden) gleich. Auch er konnte einen Sieg heraus rudern, wobei er seine Siegerzeit von 6:30,2 min \u00fcber die 2000m erst beim Finale in Kettwig gefahren ist.Bei den Altersklassen der &#8222;Alten Herren&#8220; 30 &#8211; 39 Jahre konnte Marcus Schug vom Wormser RC Blau-Weiss Platz 2 hinter dem Frankfurter Jens Raab gewinnen, w\u00e4hrend Detlev Jantz vom Ludwigshafener RV Platz 3 in der Altersklasse 55 &#8211; 59 Jahre erreichte. Die gleiche Platzierung erzielte Horst Paelzer (Koblenzer RC Rhenania) in der Altersklasse 70 &#8211; 74 Jahre.<\/td><\/tr><\/tbody><\/table><\/figure>\n","protected":false},"excerpt":{"rendered":"<p>Silbermedaille f\u00fcr Jonas Wiesen aus Treis-Karden bei der WM in Chungju 14:03, 04 Sep 2013 &nbsp;Auch einen schnellen Steuermann hat Rheinland-Pfalz zu bieten. Jonas Wiesen (RG Treis-Karden) war im &#8222;Wassertaxi&#8220; (Zweier-mit) mit zwei Ruderern aus Berlin bei der WM in Chungju am Start. Gegen die Favoriten aus Italien hatte die junge Mannschaft keine Chance gehabt, &hellip; <\/p>\n<p class=\"link-more\"><a href=\"https:\/\/ruderverband-suedwest.de\/?page_id=562\" class=\"more-link\"><span class=\"screen-reader-text\">\u201eArchiv 2013\u201c<\/span> weiterlesen<\/a><\/p>\n","protected":false},"author":1,"featured_media":0,"parent":0,"menu_order":0,"comment_status":"closed","ping_status":"closed","template":"","meta":{"footnotes":""},"class_list":["post-562","page","type-page","status-publish","hentry"],"_links":{"self":[{"href":"https:\/\/ruderverband-suedwest.de\/index.php?rest_route=\/wp\/v2\/pages\/562","targetHints":{"allow":["GET"]}}],"collection":[{"href":"https:\/\/ruderverband-suedwest.de\/index.php?rest_route=\/wp\/v2\/pages"}],"about":[{"href":"https:\/\/ruderverband-suedwest.de\/index.php?rest_route=\/wp\/v2\/types\/page"}],"author":[{"embeddable":true,"href":"https:\/\/ruderverband-suedwest.de\/index.php?rest_route=\/wp\/v2\/users\/1"}],"replies":[{"embeddable":true,"href":"https:\/\/ruderverband-suedwest.de\/index.php?rest_route=%2Fwp%2Fv2%2Fcomments&post=562"}],"version-history":[{"count":1,"href":"https:\/\/ruderverband-suedwest.de\/index.php?rest_route=\/wp\/v2\/pages\/562\/revisions"}],"predecessor-version":[{"id":563,"href":"https:\/\/ruderverband-suedwest.de\/index.php?rest_route=\/wp\/v2\/pages\/562\/revisions\/563"}],"wp:attachment":[{"href":"https:\/\/ruderverband-suedwest.de\/index.php?rest_route=%2Fwp%2Fv2%2Fmedia&parent=562"}],"curies":[{"name":"wp","href":"https:\/\/api.w.org\/{rel}","templated":true}]}}