{"id":59,"date":"2017-09-17T13:43:48","date_gmt":"2017-09-17T13:43:48","guid":{"rendered":"http:\/\/ruderverband-suedwest.de\/?page_id=59"},"modified":"2024-06-18T12:19:42","modified_gmt":"2024-06-18T12:19:42","slug":"impressum","status":"publish","type":"page","link":"https:\/\/ruderverband-suedwest.de\/?page_id=59","title":{"rendered":"Impressum"},"content":{"rendered":"<p><strong>Der Herausgeber: \u00a0Ruderverband S\u00fcdwest<\/strong><\/p>\n<p>Der Herausgeber dieser Internetseite ist der Ruderverband S\u00fcdwest.<br \/>\nZust\u00e4ndig f\u00fcr Layout und technische Umsetzung: Peter Pl\u00f6tz<br \/>\nF\u00fcr die Inhalte ist der Vorstand verantwortlich.<\/p>\n<p>Vorsitzender:<br \/>\nMatthias Woitok<br \/>\n30, Bd. de la P\u00e9trusse<br \/>\nL-2320 Luxembourg<br \/>\nTel.: 00352 29 50 11<\/p>\n<p><strong>Disclaimer<\/strong><\/p>\n<p>Der Autor dieser Homepage ist Peter Pl\u00f6tz. Sie unterliegt vollst\u00e4ndig dem Urheberrecht!<\/p>\n<p>Weder der Autor noch der Ruderverband S\u00fcdwest k\u00f6nnen die Gew\u00e4hr f\u00fcr die Aktualit\u00e4t, Korrektheit, Vollst\u00e4ndigkeit oder Qualit\u00e4t des bereitgestellten Inhalts \u00fcbernehmen!<\/p>\n<p>Alle Angebote sind freibleibend und unverbindlich. Der Autor beh\u00e4lt es sich ausdr\u00fccklich vor, Teile der Seiten oder das gesamte Angebot ohne gesonderte Ank\u00fcndigung zu ver\u00e4ndern, zu erg\u00e4nzen, zu l\u00f6schen oder die Ver\u00f6ffentlichung zeitweise oder endg\u00fcltig einzustellen.<\/p>\n<p>Bei direkten oder indirekten Verweisen auf fremde Internetseiten (&#8222;Links&#8220;), die au\u00dferhalb des Verantwortungsbereiches des Autors liegen, w\u00fcrde eine Haftungsverpflichtung ausschlie\u00dflich in dem Fall in Kraft treten, in dem der Autor von den Inhalten Kenntnis hat und es ihm technisch m\u00f6glich und zumutbar w\u00e4re, die Nutzung im Falle rechtswidriger Inhalte zu verhindern.<\/p>\n<p>Der Autor erkl\u00e4rt daher ausdr\u00fccklich, dass zum Zeitpunkt der Linksetzung die entsprechenden verlinkten Seiten frei von illegalen Inhalten waren. Der Autor hat keinerlei Einfluss auf die aktuelle und zuk\u00fcnftige Gestaltung und auf die Inhalte der gelinkten \/ verkn\u00fcpften Seiten. Deshalb distanziert er sich hiermit ausdr\u00fccklich von allen Inhalten aller gelinkten \/ verkn\u00fcpften Seiten, die nach der Linksetzung ver\u00e4ndert wurden. Diese Feststellung gilt f\u00fcr alle innerhalb des eigenen Internetangebotes gesetzten Links. F\u00fcr illegale, fehlerhafte oder unvollst\u00e4ndige Inhalte und insbesondere f\u00fcr Sch\u00e4den, die aus der Nutzung oder Nichtnutzung solcherart dargebotener Informationen entstehen, haftet allein der Anbieter der Seite, auf welche verwiesen wurde, nicht derjenige, der \u00fcber Links auf die jeweilige Ver\u00f6ffentlichung lediglich verweist.<\/p>\n<p>Gesch\u00fctzte Warenzeichen und Namen wurden in der Regel nicht als solche kenntlich gemacht. Das Fehlen einer solchen Kennzeichnung bedeutet nicht, da\u00df es sich um einen freien Namen im Sinne des Waren- und Markenzeichenrechts handelt!<\/p>\n<p>Der Autor ist bestrebt, die Urheberrechte von den verwendeten Grafiken, Scripten und Texten zu beachten, sollte auf dieser Homepage dennoch eine nicht als solche erkannte Urheberrechtsverletzung vorliegen bittet der Autor um umgehende Mitteilung um den urheberrechtlich anderweitig gesch\u00fctzten Teil der Homepage sofort entfernen zu k\u00f6nnen.<\/p>\n<p>Die Verwendung und anderweitige Ver\u00f6ffentlichung der auf dieser Homepage untergebrachten Bilder oder Texte ist ausschlie\u00dflich unter folgenden Voraussetzungen gestattet: Ausz\u00fcge und Zitate d\u00fcrfen auf keinen Fall sinnver\u00e4ndernd oder aus dem Kontext gerissen verwand werden. Texte, Bilder oder andere Elemente dieser Homepage m\u00fcssen mit einer eindeutigen Quellenangabe versehen werden. Diese mu\u00df unbedingt die Internetadresse dieser Homepage und den Namen des Ruderverband S\u00fcdwest enthalten! Eine Zuwiderhandlung wird strafrechtlich verfolgt! Bei Unklarheiten wenden Sie sich bitte an den Autor dieser Seite!<\/p>\n<p>Sofern Teile oder einzelne Formulierungen dieses Textes der geltenden Rechtslage nicht, nicht mehr oder nicht vollst\u00e4ndig entsprechen sollten, bleiben die \u00fcbrigen Teile des Dokumentes in ihrem Inhalt und ihrer G\u00fcltigkeit davon unber\u00fchrt.<\/p>\n","protected":false},"excerpt":{"rendered":"<p>Der Herausgeber: \u00a0Ruderverband S\u00fcdwest Der Herausgeber dieser Internetseite ist der Ruderverband S\u00fcdwest. Zust\u00e4ndig f\u00fcr Layout und technische Umsetzung: Peter Pl\u00f6tz F\u00fcr die Inhalte ist der Vorstand verantwortlich. Vorsitzender: Matthias Woitok 30, Bd. de la P\u00e9trusse L-2320 Luxembourg Tel.: 00352 29 50 11 Disclaimer Der Autor dieser Homepage ist Peter Pl\u00f6tz. Sie unterliegt vollst\u00e4ndig dem Urheberrecht! &hellip; <\/p>\n<p class=\"link-more\"><a href=\"https:\/\/ruderverband-suedwest.de\/?page_id=59\" class=\"more-link\"><span class=\"screen-reader-text\">\u201eImpressum\u201c<\/span> weiterlesen<\/a><\/p>\n","protected":false},"author":1,"featured_media":0,"parent":0,"menu_order":0,"comment_status":"closed","ping_status":"closed","template":"","meta":{"footnotes":""},"class_list":["post-59","page","type-page","status-publish","hentry"],"_links":{"self":[{"href":"https:\/\/ruderverband-suedwest.de\/index.php?rest_route=\/wp\/v2\/pages\/59","targetHints":{"allow":["GET"]}}],"collection":[{"href":"https:\/\/ruderverband-suedwest.de\/index.php?rest_route=\/wp\/v2\/pages"}],"about":[{"href":"https:\/\/ruderverband-suedwest.de\/index.php?rest_route=\/wp\/v2\/types\/page"}],"author":[{"embeddable":true,"href":"https:\/\/ruderverband-suedwest.de\/index.php?rest_route=\/wp\/v2\/users\/1"}],"replies":[{"embeddable":true,"href":"https:\/\/ruderverband-suedwest.de\/index.php?rest_route=%2Fwp%2Fv2%2Fcomments&post=59"}],"version-history":[{"count":4,"href":"https:\/\/ruderverband-suedwest.de\/index.php?rest_route=\/wp\/v2\/pages\/59\/revisions"}],"predecessor-version":[{"id":1208,"href":"https:\/\/ruderverband-suedwest.de\/index.php?rest_route=\/wp\/v2\/pages\/59\/revisions\/1208"}],"wp:attachment":[{"href":"https:\/\/ruderverband-suedwest.de\/index.php?rest_route=%2Fwp%2Fv2%2Fmedia&parent=59"}],"curies":[{"name":"wp","href":"https:\/\/api.w.org\/{rel}","templated":true}]}}