{"id":609,"date":"2021-02-16T20:05:37","date_gmt":"2021-02-16T20:05:37","guid":{"rendered":"http:\/\/ruderverband-suedwest.de\/?page_id=609"},"modified":"2021-02-16T20:05:37","modified_gmt":"2021-02-16T20:05:37","slug":"archiv-2020","status":"publish","type":"page","link":"https:\/\/ruderverband-suedwest.de\/?page_id=609","title":{"rendered":"Archiv 2020"},"content":{"rendered":"\n<h4 class=\"wp-block-heading\"><strong>Ruder-EM in Poznan &#8211; Gold und Silber f\u00fcr RV S\u00fcdwest<\/strong><\/h4>\n\n\n\n<p>Der internationale Saisonabschlu\u00df 2020 ist mit der EM in Polen erfolgt und es gab zum Abschlu\u00df noch zwei Medaillen f\u00fcr den Verband.<\/p>\n\n\n\n<p>Gold f\u00fcr Richard Schmidt im Achter<br>Es ist mittlerweile eine sch\u00f6ne Regelm\u00e4\u00dfigkeit geworden, dass der M\u00e4nner-Achter die Goldmedaille gewinnt und immer wieder ist unser Trierer Ruderer Richard Schmidt an Bord. Dieses Mal mu\u00dfte sich der Deutsche Achter in erster Linie gegen die Niederlande und Rum\u00e4nien verteidigen. Aber vom Start weg machte das Deutsche Boot die Sache klar und f\u00fchrte nach 1000m bereits mit einer Bootsl\u00e4nge. Dieser Vorsprung reichte auf den zweiten 1000m, um den Angriff der Rum\u00e4nen zu parieren und mit einer guten halben L\u00e4nge Vorsprung \u00fcber die Ziellinie zu fahren.<\/p>\n\n\n\n<p>Silber f\u00fcr Jason Osborne im Leichtgewichts-Doppelzweier<br>Enger als beim Achter lief das Rennen der Leichtgewichts-Doppelzweier. Hier war es das Boot aus Italien, das vom Start weg Druck auf das Deutsche Boot aus\u00fcbte und nach 300m seine Bootsspitze in F\u00fchrung schob. Danach war es ein enges Rennen bis ins Ziel, das Italien ganz knapp vor dem Deutschen Boot gewinnen konnte, das wiederum einen sehr ordentlichen Endspurt auf den letzten 200m gefahren war und dabei noch eine halbe L\u00e4nge auf Italien aufholen konnte.<\/p>\n\n\n\n<p><strong>Gold<\/strong><br>Richard Schmidt (RV Treviris Trier) &#8211; M\u00e4nner Achter<\/p>\n\n\n\n<p><strong>Silber<\/strong><br>Jason Osborne (Mainzer RV) &#8211; Leichtgewichts-Doppelzweier<\/p>\n\n\n\n<hr class=\"wp-block-separator\"\/>\n\n\n\n<h4 class=\"wp-block-heading\"><strong>U23-EM in Duisburg<\/strong><\/h4>\n\n\n\n<p><strong>Gold<\/strong><br>Annabelle Bachmann (RV Ingelheim) &#8211; Frauen Achter<\/p>\n\n\n\n<p><strong>Silber<\/strong><br>Natalie Weber (Koblenzer RC Rhenania) &#8211; Leichtgewichts Frauen Doppelvierer<\/p>\n\n\n\n<p><strong>Bronze<\/strong><br>Johannes Thein (RG Trier) &#8211; Leichtgewichts M\u00e4nner Doppelvierer<\/p>\n\n\n\n<hr class=\"wp-block-separator\"\/>\n\n\n\n<h4 class=\"wp-block-heading\"><strong>Trainer C Ausbildung Rennrudern<\/strong><\/h4>\n\n\n\n<p>Der Ruderverband S\u00fcdwest bietet wieder einen Lehrgang f\u00fcr den Trainer C Schein im Rennrudern an.<\/p>\n\n\n\n<p><a href=\"https:\/\/ruderverband-suedwest.de\/wp-content\/uploads\/2020\/08\/Ausschreibung_2020_Trainer_C.pdf\">Ausschreibung_2020_Trainer_C<\/a><\/p>\n\n\n\n<p>Das zugeh\u00f6rige Formular f\u00fcr die Anmeldung ist hier zu finden:<\/p>\n\n\n\n<p><a href=\"https:\/\/ruderverband-suedwest.de\/wp-content\/uploads\/2020\/08\/Anmeldeformular_Trainer_C.pdf\">Anmeldeformular_Trainer_C<\/a><\/p>\n\n\n\n<hr class=\"wp-block-separator\"\/>\n\n\n\n<h4 class=\"wp-block-heading\"><strong>Robert Sens ist Chefcoach in \u00d6sterreich<\/strong><\/h4>\n\n\n\n<p>Der Ruderverband S\u00fcdwest hat im Mai etwas \u00fcberraschend seinen leitenden Landestrainer verloren. Vermutet hatten wir einen Wechsel von Robert Sens nach der Olympiade in Tokyo. Bedingt durch die Verschiebung ging es dann doch schneller, da der \u00d6sterreichische Ruderverband sich die Unterst\u00fctzung durch Robert Sens f\u00fcr Tokyo 2021 sichern wollte.<\/p>\n\n\n\n<p>Selbstverst\u00e4ndlich sehen wir de Chance, die sich f\u00fcr Robert dort aufgetan hat und w\u00fcnschen ihm alles Gute und viel Erfolg in allen Bootsklassen, die wir nicht besetzen \ud83d\ude42<\/p>\n\n\n\n<p>Bez\u00fcglich es Leichtgewichts Doppelzweiers mit dem Mainzer Jason Osborne konnte eine schnelle Betreuungsl\u00f6sung gefunden werden, in dem die Heimtrainerin seines Zweier-Partners, Sabine Tsch\u00e4ge, eingesprungen ist und vom DRV von Ihrer Aufgabe als Junioren-Bundestrainerin f\u00fcr die Zeit bis Tokyo befreit wurde.<\/p>\n\n\n\n<hr class=\"wp-block-separator\"\/>\n\n\n\n<h4 class=\"wp-block-heading\"><strong>Landesrudertag 2020 wir ausgesetzt<\/strong><\/h4>\n\n\n\n<p>Bedingt durch die aktuellen Probleme mit dem Coronavirus m\u00f6chten wir darauf hinweisen, dass der Landesrudertag 2020 &#8211; wie auch der Rudertag des DRV &#8211; in diesem Jahr ausgesetzt wird. Ein Rudertag im Herbst erschien dem Vorstand nicht als sinnvoll, da der Abstand zum Rudertag im Fr\u00fchjahr 2021 zu gering wird. Von einem Rudertag in Form einer Telefonkonferenz wollte man aus Gr\u00fcnden der Durchf\u00fchrbarkeit ebenfalls absehen.<\/p>\n\n\n\n<hr class=\"wp-block-separator\"\/>\n\n\n\n<h4 class=\"wp-block-heading\">2020 World Rowing Indoor Championships &#8211; Paris<\/h4>\n\n\n\n<p>Der Start in die Saison 2020 beginnt in der Halle. Dieses Jahr war Paris der Veranstaltungsort der Indoor WM und Deutschland war mit einer gro\u00dfen Mannschaft vertreten, die auch bei den Medaillen mitreden konnte.<br>Mit dem Saarbr\u00fccker Altmeister Matthias Sch\u00f6mann-Finck hat der S\u00fcdwesten schon seit Jahren einen Ergometer-Spezialisten am Start. Dieses Jahr konnte er die Goldmedaille in der Zeit von 6:30,3 min \u00fcber die virtuelle 2000 m Strecke bei den Leichtgewichten in der Altersklasse 40-49 Jahre gewinnen.<br>Zu einer weiteren Goldmedaille ruderte der Treis-Kardener Klaus Bischof bei den Leichtgewichten der Altersklasse 50-54 Jahre in der Zeit von 6:28,9 min mit der er seine Gegner klar distanzierte.<\/p>\n","protected":false},"excerpt":{"rendered":"<p>Ruder-EM in Poznan &#8211; Gold und Silber f\u00fcr RV S\u00fcdwest Der internationale Saisonabschlu\u00df 2020 ist mit der EM in Polen erfolgt und es gab zum Abschlu\u00df noch zwei Medaillen f\u00fcr den Verband. Gold f\u00fcr Richard Schmidt im AchterEs ist mittlerweile eine sch\u00f6ne Regelm\u00e4\u00dfigkeit geworden, dass der M\u00e4nner-Achter die Goldmedaille gewinnt und immer wieder ist unser &hellip; <\/p>\n<p class=\"link-more\"><a href=\"https:\/\/ruderverband-suedwest.de\/?page_id=609\" class=\"more-link\"><span class=\"screen-reader-text\">\u201eArchiv 2020\u201c<\/span> weiterlesen<\/a><\/p>\n","protected":false},"author":1,"featured_media":0,"parent":0,"menu_order":0,"comment_status":"closed","ping_status":"closed","template":"","meta":{"footnotes":""},"class_list":["post-609","page","type-page","status-publish","hentry"],"_links":{"self":[{"href":"https:\/\/ruderverband-suedwest.de\/index.php?rest_route=\/wp\/v2\/pages\/609","targetHints":{"allow":["GET"]}}],"collection":[{"href":"https:\/\/ruderverband-suedwest.de\/index.php?rest_route=\/wp\/v2\/pages"}],"about":[{"href":"https:\/\/ruderverband-suedwest.de\/index.php?rest_route=\/wp\/v2\/types\/page"}],"author":[{"embeddable":true,"href":"https:\/\/ruderverband-suedwest.de\/index.php?rest_route=\/wp\/v2\/users\/1"}],"replies":[{"embeddable":true,"href":"https:\/\/ruderverband-suedwest.de\/index.php?rest_route=%2Fwp%2Fv2%2Fcomments&post=609"}],"version-history":[{"count":1,"href":"https:\/\/ruderverband-suedwest.de\/index.php?rest_route=\/wp\/v2\/pages\/609\/revisions"}],"predecessor-version":[{"id":610,"href":"https:\/\/ruderverband-suedwest.de\/index.php?rest_route=\/wp\/v2\/pages\/609\/revisions\/610"}],"wp:attachment":[{"href":"https:\/\/ruderverband-suedwest.de\/index.php?rest_route=%2Fwp%2Fv2%2Fmedia&parent=609"}],"curies":[{"name":"wp","href":"https:\/\/api.w.org\/{rel}","templated":true}]}}