{"id":715,"date":"2022-01-24T09:22:39","date_gmt":"2022-01-24T09:22:39","guid":{"rendered":"http:\/\/ruderverband-suedwest.de\/?page_id=715"},"modified":"2022-01-24T09:22:39","modified_gmt":"2022-01-24T09:22:39","slug":"archiv-2021","status":"publish","type":"page","link":"https:\/\/ruderverband-suedwest.de\/?page_id=715","title":{"rendered":"Archiv 2021"},"content":{"rendered":"\n<p><strong>Valentin Wiering gewinnt Bronze bei Junioren EM in M\u00fcnchen<\/strong><\/p>\n\n\n\n<p>Zum Abschlu\u00df der internationalen Wettkampfsaison konnte Valentin Wiering (RV Treviris Trier) eine Bronzemedaille im Junioren Achter bei der EM in M\u00fcnchen gewinnen. &nbsp;Zwar mu\u00dfte man sich den Booten von Rum\u00e4nien und Russland geschlagen geben, konnte aber auf der zweiten Streckenh\u00e4lfte Platz drei gegen Tschechien absichern.<\/p>\n\n\n\n<hr class=\"wp-block-separator\"\/>\n\n\n\n<p><strong>Silber bei der U23 EM im Frauen-Achter<\/strong><\/p>\n\n\n\n<p>Der Frauen-Achter des Deutschen Ruderverbandes hat es im Nachwuchsbereich wieder zu einer hervorragenden Platzierung geschafft. Mit im Boot waren unsere Ruderinnen Annabelle Bachmann (RV Ingelheim), Annika Elsen (RV Treviris Trier) und Paula Gerundt (Saarbr\u00fccker RG Undine), &nbsp;die hinter den sehr starken Favoritinnen aus Rum\u00e4nien, aber vor dem Boot aus Polen den zweiten Platz sichern konnten.<\/p>\n\n\n\n<hr class=\"wp-block-separator\"\/>\n\n\n\n<p><strong>U23-Europameisterschaften in Polen<\/strong><\/p>\n\n\n\n<p>Am 04.\/05.09.2021 findet in Kruszwica die U23-EM statt. Der DRV hat seine Nominierungsliste bekannt gegeben und es sind einige Sportler:innen des RV S\u00fcdwest am Start<br>Raoul Overath (Mainzer RV) im M\u00e4nner Vierer m. Stm.<br>Ella Reim (Saarbr\u00fccker RG Undine) im Frauen Doppelzweier<br>Meike Pixius (Koblenzer RC Rhenania) im Frauen Zweier ohne<br>Annabelle Bachmann (RV Ingelheim) im Frauen Achter m. Stf.<br>Annika Elsen (RV Treviris Trier) im Frauen Achter m. Stf.<br>Paula Gerundt (Saarbr\u00fccker RG Undine) im Frauen Achter m. Stf.<\/p>\n\n\n\n<hr class=\"wp-block-separator\"\/>\n\n\n\n<p><strong>Silbermedaille f\u00fcr Richard Schmidt im M\u00e4nner-Achter<\/strong><\/p>\n\n\n\n<p>Es waren nicht ganz die erhofften Spiele f\u00fcr den DRV, aber f\u00fcr unseren Verband konnte es fast nicht besser laufen. Auch Richard Schmidt (RV Treviris Trier) holte sich in einem hart umk\u00e4mpften Rennen im M\u00e4nner-Achter Silber.<br>Entgegen der \u00fcblichen Taktik konnte sich das Deutsche Boot dieses Mal nicht vom Feld l\u00f6sen. \u00dcber die komplette Strecke war es ein Bord-an-Bord Kampf von f\u00fcnf Booten. Lediglich Australien ist fr\u00fchzeitig aus dem Rennen gewesen. Aber nach 500m war der englische Achter nahezu auf einer H\u00f6he mit dem deutschen Boot und bei 1000m waren dann die Neuseel\u00e4nder dazu gekommen, bevor sich dieses Boot nach 1200m mit einer halben L\u00e4nge uneinholbar absetzen konnte. Dann war es nur noch ein Kampf um Platz 2 zwischen dem englischen und dem deutschen Boot, wobei von Hinten der US-Achter und die Niederl\u00e4nder gedr\u00fcckt haben. Am Schlu\u00df war es eine Bugspitze, mit der das deutsche Boot Silber gewinnen konnte und damit die dritte Olympische Medaille f\u00fcr unseren Ruderer Richard Schmidt, der seit 2009 bei allen wichtigen Wettk\u00e4mpfen im Deutschland-Achter dabei war.<\/p>\n\n\n\n<hr class=\"wp-block-separator\"\/>\n\n\n\n<p><strong>Jason Osborne gewinnt die Olympische Silbermedaille<\/strong><\/p>\n\n\n\n<p>Es war das erwartete Duell mit Irland gewesen, das der deutsche Leichtgewichts-Doppelzweier gerudert ist. Auch Italien hatte man noch auf der Rechnung. Aber in einem w\u00fcrdigen Finale haben Jason Osborne und Jonathan Rommelmann so lange wie noch nie in den bisherigen Rennen ihre Bootsspitze vorne behalten. Erst 200 m vor dem Ziel konnten die Iren sich am deutschen Boot vorbei schieben und mit einer halben Bootsl\u00e4nge Vorsprung Olympisches Gold gewinnen. Italien dagegen war mit 7 sek Abstand weit abgeschlagen auf Platz 3.<\/p>\n\n\n\n<p>Es war die erste deutsche Medaille f\u00fcr den DRV in Tokyo 2021 und die erste Olympische Medaille f\u00fcr den Mainzer Ruder-Verein in seiner Geschichte.&nbsp;<\/p>\n\n\n\n<hr class=\"wp-block-separator\"\/>\n\n\n\n<p><strong>Jason Osborne im Finale von Tokyo&nbsp;<\/strong><\/p>\n\n\n\n<p>Es gibt immer wieder erstaunliche Momente im Sport. Jason Osborne und Jonathan Rommelmann konnten in ihrem Halbfinale einen souver\u00e4nen Start-Ziel Sieg heraus fahren, w\u00e4hrend ihr Gegner um die Medaillen (Norwegen) 300 m vor dem Ziel an zweiter Stelle liegend gekentert ist. Damit ist mit Urugay ein Boot im Finale, das vorher bestimmt niemand in seiner Rechnung hatte.<br>Man mu\u00df dazu sagen, dass die Bedingungen am heutigen Tag als schwierig einzustufen sind. Viele Boote hatten massive Schwierigkeiten mit dem Wind und den daraus resultierenden Wellen. Auch der Deutsche Frauen-Doppelvierer wurde Opfer der Bedingungen und hatte kurz vor dem Ziel an zweiter Stelle liegend zwei katastrophale &#8222;Krebse&#8220; gefangen, die das Boot aus den Medaillen-R\u00e4ngen warfen.<br>Im zweiten Halbfinale setzten sich erwartungsgem\u00e4\u00df Irland und Italien durch, die um den ersten Platz in ihrem Lauf k\u00e4mpften und im Fall von Irland die Bestzeit der beiden Halbfinals fuhren.<\/p>\n\n\n\n<hr class=\"wp-block-separator\"\/>\n\n\n\n<p><strong>Tokyo 2020 ist mit einem Jahr Versp\u00e4tung gestartet<\/strong><\/p>\n\n\n\n<p>Die Olympiade ist gestartet. Nat\u00fcrlich gibt es auch schon die ersten Corona-F\u00e4lle, die nat\u00fcrlich nicht zu verhindern sind. Unsere beiden Olympioniken Richard Schmidt (RV Treviris Trier) im M\u00e4nner Achter und Jason Osborne (Mainzer RV) im Leichtgewichts Doppelzweier sind bisher davon nicht betroffen und konnten in ihren Vorl\u00e4ufen eine souver\u00e4ne Leistung abliefern.&nbsp;<br>Der hart erk\u00e4mpfte Sieg gegen den US-Achter bedeutet die direkte Finalteilnahme f\u00fcr den Deutschen Achter. Aber auch der Leichtgewichts Doppelzweier ist ohne Umweg \u00fcber den Hoffnungslauf direkt in das Halbfinale am Dienstag eingezogen.<\/p>\n\n\n\n<hr class=\"wp-block-separator\"\/>\n\n\n\n<p><strong>U23 Weltmeisterschaften in Racice<\/strong><\/p>\n\n\n\n<p>Ein weiteres Gro\u00dfereignis des Jahres 2021 konnte durchgef\u00fchrt werden und der Deutsche Ruderverband konnte mit 12 Medaillen gl\u00e4nzen.<\/p>\n\n\n\n<p>Auch der Ruderverband S\u00fcdwest ist stolz darauf bei den Medaillen mitwirken zu k\u00f6nnen in Form von einigen Ruderinnen aber vor allem auch durch den Einsatz unseres neuen Landestrainers Thomas Ihnen der den Frauen-Doppelzweier mit unserer Ex-Mainzerin Cora Loch zu Silber f\u00fchren konnte.<\/p>\n\n\n\n<p><strong>Silber<\/strong><br>Natalie Weber (Koblenzer RC Rhenania) im Lgw. Frauen Doppelvierer<br>Eva Hohoff (Ludwigshafener RV) im Lgw. Frauen Doppelvierer<br>Luise Bachmann (RV Ingelheim) im Frauen Doppelvierer<\/p>\n\n\n\n<p><strong>Bronze<\/strong><br>Katharina Bauer (RV Treviris Trier) im Frauen Achter<br>Paula Hartmann (Mainzer RV) im Frauen Achter<\/p>\n\n\n\n<hr class=\"wp-block-separator\"\/>\n\n\n\n<p><strong>Deutsche Meisterschaften U23 \/ U19 \/ U17 in Essen<\/strong><\/p>\n\n\n\n<p>Der Essener Regattaverein hat es dieses Jahr geschafft eine Deutsche Meisterschaft mit nahezu 1500 Teilnehmern durchzuf\u00fchren, selbstverst\u00e4ndlich unter strengen Corona-Bedingungen.<br>Auch unser Landesverband war stark vertreten und konnte mit vielen Medaillen gl\u00e4nzen:<\/p>\n\n\n\n<p><strong>U17 (Junioren\/-innen B)<\/strong><\/p>\n\n\n\n<p><strong>Bronze<br><\/strong>Maximilian R\u00fchling (Mainzer RV) &#8211; Lgw. Junioren Doppelzweier<br>Luis Rubin (Mainzer RV) &#8211; Lgw. Junioren Doppelzweier<\/p>\n\n\n\n<p><strong>U19 (Junioren \/ -innen A)<\/strong><\/p>\n\n\n\n<p><strong>Gold<\/strong><br>Tobias B\u00f6hm (Mainzer RV) &#8211; Lgw. Junioren Doppelzweier<br>Johann Kleis (RV Treviris Trier) &#8211; Lgw. Junioren Doppelzweier<br>Liliane Zimmermann (Mainzer RV) &#8211; Juniorinnen Zweier ohne<br>Liliy Blair (Mainzer RV) &#8211; Juniorinnen Zweier ohne<br>Simon Haible (RG Treis Karden) &#8211; Lgw. Junioren Einer<br>Johann Kleis (RV Treviris Trier) &#8211; Lgw. Junioren Doppelvierer<\/p>\n\n\n\n<p><strong>Silber<\/strong><br>Alexandra Marx (Saarbr\u00fccker RG Undine) &#8211; Juniorinnen Achter m. Stf.<br>Ole Bartenbach (RG Speyer) &#8211; Junioren Achter<br>Valentin Wiering (RV Treviris Trier) &#8211; Junioren Achter<\/p>\n\n\n\n<p><strong>Bronze<\/strong><br>Gerrit Sch\u00e4fer (GTRV Neuwied) &#8211; Junioren Vierer m. Stm.<br>Simon Haible (RG Treis Karden) &#8211; Lgw. Junioren Doppelvierer<\/p>\n\n\n\n<p><strong>U23 (Senioren \/ -innen B)<\/strong><\/p>\n\n\n\n<p><strong>Gold<\/strong><br>Luise Bachmann (RV Ingelheim) &#8211; Frauen Doppelzweier<br>Luise Bachmann (RV Ingelheim) &#8211; Frauen Doppelvierer<br>Natalie Weber (Koblenzer RC Rhenania) &#8211; Lgw. Frauen Doppelvierer<br>Eva Hohoff (Ludwigshafener RV) &#8211; Lgw. Frauen Doppelvierer<br>Paula Hartmann (Mainzer RV) &#8211; Frauen Achter<br>Katharina Bauer (RV Treviris Trier) &#8211; Frauen Achter<\/p>\n\n\n\n<p><strong>Silber<\/strong><br>Annika Elsen (RV Treviris Trier) &#8211; Frauen Vierer m. Stf.<br>Natalie Weber (Koblenzer RC Rhenania) &#8211; Lgw. Frauen Doppelzweier<br>Ella Reim (Saarbr\u00fccker RG Undine) &#8211; Frauen Einer<br>Annabelle Bachmann (RV Ingelheim) &#8211; Frauen Achter<\/p>\n\n\n\n<p><strong>Bronze<\/strong><br>Paula Gerundt (Saarbr\u00fccker RG Undine) &#8211; Frauen Vierer m. Stf.<br>Annabelle Bachmann (RV Ingelheim) &#8211; Frauen Zweier ohne<br>Ella Reim (Saarbr\u00fccker RG Undine) &#8211; Frauen Dopelvierer<br>Annika Elsen (RV Treviris Trier) &#8211; Frauen Achter<br>Raoul Overath (Mainzer RV) &#8211; M\u00e4nner Achter<br>Frederik V\u00f6lker (Mainzer RV) &#8211; M\u00e4nner Achter&nbsp;<\/p>\n\n\n\n<hr class=\"wp-block-separator\"\/>\n\n\n\n<p><strong>Ruder-World-Cup Luzern<\/strong><\/p>\n\n\n\n<p>Die Olympiade r\u00fcckt n\u00e4her und auch die Leistungen beim zweiten World-Cup dieses Jahr werden wieder ansprechender f\u00fcr unsere zwei Athleten des Ruderverbandes S\u00fcdwest.<\/p>\n\n\n\n<p>Der Leichtgewichts-Doppelzweier mit Jason Osborne (Mainzer RV) und Jonathan Rommelmann hat es auch &nbsp;in Luzern nicht geschafft, die in diesem Jahr dominierenden Iren zu schlagen, aber f\u00fcr eine Medaille hat es trotzdem wieder gereicht. Auf den letzten 500m wurde es ganz eng zwischen den Booten aus Norwegen, Deutschland und Italien, die dann auch im hundertstel Sekundenabstand in dieser Reihenfolge hinter Irland \u00fcber die Ziellinie gingen. Aber aus diesem Rennen k\u00f6nnen unsere Sportler mitnehmen, dass der Abstand nach vorne kleiner wurde und die Iren erst sp\u00e4t das Deutsche Boot abh\u00e4ngen konnten.<\/p>\n\n\n\n<p>Auch f\u00fcr Richard Schmidt (RG Treviris Trier) &nbsp;ist an seinem Geburtstag wieder eine Medaille heraus gesprungen. Nach dem vierten Platz bei der EM in Varese ist es wieder die Silbermedaille in einem sehr engen Rennen gegen den Englischen Achter geworden, mit der sich das Deutsche Boot mit einer k\u00e4mpferischen Leistung zur\u00fcck gemeldet hat. Erst auf den letzten 100m konnte der Englische Achter das Deutsche Boot abfangen und hatte am Ende die Bugspitze um 4\/10 Sek vorne.<\/p>\n\n\n\n<hr class=\"wp-block-separator\"\/>\n\n\n\n<p><strong>Ruder-World-Cup in Zagreb<\/strong><\/p>\n\n\n\n<p>Es waren nicht die ganz starken Gegner im Leichtgewichts M\u00e4nner-Doppelzweier am Start, aber daf\u00fcr haben wir wieder ein sch\u00f6nes Rennen von Jason Osborne (Mainzer RV) mit seinem Partner Jonathan Rommelmann sehen k\u00f6nnen. Technisch sauber ist das Deutsche Boot souver\u00e4n \u00fcber die Strecke gezogen und hat seinen Vorsprung vom ersten Schlag ab mit hoher Frequenz kontinuierlich ausgebaut. Am Ende war schon deutlich Wasser zu den Booten aus der Schweiz und \u00d6sterreich erkennbar.<\/p>\n\n\n\n<hr class=\"wp-block-separator\"\/>\n\n\n\n<p><strong>Silber bei den Europameisterschaften f\u00fcr Jason Osborne in Varese (ITA)<\/strong><\/p>\n\n\n\n<p>Es gibt immerhin schon einen interessanten Wettkampf im Jahr 2021, der am letzten Wochenende durchgef\u00fchrt wurde.&nbsp;<br>Zumindest f\u00fcr den Mainzer Jason Osborne und seinen Partner Jonathan Rommelmann aus Krefeld ist es im Leichtgewichts Doppelzweier sehr ordentlich gelaufen. Vorlauf und Halbfinale hat das Duo souver\u00e4n gemeistert und stand damit im Finale den Favoriten aus Irland und den schnellen Italienern gegen\u00fcber.<br>Wie gewohnt war der Deutsche Zweier am Start schnell und lieferte sich bis 1200 m ein packendes Rennen mit dem irischen Boot. Doch dann konnten sich die Iren mit einer Bootsl\u00e4nge absetzen und Jason\/Jonathan sicherten sich die Silbermedaille vor dem italienischen Boot, das sie sicher im Griff hatten.<\/p>\n\n\n\n<p>Nicht so gut lief die EM f\u00fcr den Deutschen Achter mit dem Trierer Ruderer Richard Schmidt. Schon im Bahnverteilungsrennen kam das Boot nicht in Schwung und auf dem letzten Platz ins Ziel. Im Finale wollte der Achter mit bew\u00e4hrter Taktik und schnellen ersten 1000m, wie gewohnt, das Feld dominieren. Aber dieses Mal waren die Gegner zu stark und der Achter viel technisch etwas auseinander, so dass es mit der Titelverteidigung nichts wurde und nur ein undankbarer 4. Platz als Ergebnis blieb.<\/p>\n\n\n\n<p><strong>Silber<\/strong><br>Jason Osborne (Mainzer RV) &#8211; Leichtgewichts Doppelzweier&nbsp;<\/p>\n\n\n\n<hr class=\"wp-block-separator\"\/>\n\n\n\n<p><strong>Start in die Saison 2021 gegl\u00fcckt &#8211; Virtuelle Deutsche Ergometermeisterschaften<\/strong><\/p>\n\n\n\n<p>Am vergangenen Wochenende wurden die ersten Meisterschaften im neuen Jahr durchgef\u00fchrt. Da Corona immer noch ein Thema ist, wurden die Deutschen Ergometermeisterschaften kurzerhand in den Heimatvereinen oder zu Hause \u00fcber das Internet digital vernetzt durchgef\u00fchrt.<br>Am Start waren zwei Leichtgewichte aus dem RV S\u00fcdwest.<br>Bei den Junioren B Leichtgewicht \u00fcber die virtuelle Strecke von 1500 m erreichte der Mainzer Luis Rubin die Silbermedaille in der Zeit von 5:01,2 min.<br>Noch besser machte es Simon Haible aus Treis-Karden, der in der Zeit von 6:31,4 min \u00fcber die Strecke von 2000 m Deutscher Ergometer-Meister wurde.<\/p>\n\n\n\n<p><strong>Gold<br><\/strong>Simon Haible (RG Treis-Karden) &#8211; Leichtgewichts Junior A<\/p>\n\n\n\n<p><strong>Silber<\/strong><br>Luis &nbsp;Rubin (Mainzer RV) &#8211; Leichtgewichts Junior B<\/p>\n","protected":false},"excerpt":{"rendered":"<p>Valentin Wiering gewinnt Bronze bei Junioren EM in M\u00fcnchen Zum Abschlu\u00df der internationalen Wettkampfsaison konnte Valentin Wiering (RV Treviris Trier) eine Bronzemedaille im Junioren Achter bei der EM in M\u00fcnchen gewinnen. &nbsp;Zwar mu\u00dfte man sich den Booten von Rum\u00e4nien und Russland geschlagen geben, konnte aber auf der zweiten Streckenh\u00e4lfte Platz drei gegen Tschechien absichern. Silber &hellip; <\/p>\n<p class=\"link-more\"><a href=\"https:\/\/ruderverband-suedwest.de\/?page_id=715\" class=\"more-link\"><span class=\"screen-reader-text\">\u201eArchiv 2021\u201c<\/span> weiterlesen<\/a><\/p>\n","protected":false},"author":1,"featured_media":0,"parent":0,"menu_order":0,"comment_status":"closed","ping_status":"closed","template":"","meta":{"footnotes":""},"class_list":["post-715","page","type-page","status-publish","hentry"],"_links":{"self":[{"href":"https:\/\/ruderverband-suedwest.de\/index.php?rest_route=\/wp\/v2\/pages\/715","targetHints":{"allow":["GET"]}}],"collection":[{"href":"https:\/\/ruderverband-suedwest.de\/index.php?rest_route=\/wp\/v2\/pages"}],"about":[{"href":"https:\/\/ruderverband-suedwest.de\/index.php?rest_route=\/wp\/v2\/types\/page"}],"author":[{"embeddable":true,"href":"https:\/\/ruderverband-suedwest.de\/index.php?rest_route=\/wp\/v2\/users\/1"}],"replies":[{"embeddable":true,"href":"https:\/\/ruderverband-suedwest.de\/index.php?rest_route=%2Fwp%2Fv2%2Fcomments&post=715"}],"version-history":[{"count":1,"href":"https:\/\/ruderverband-suedwest.de\/index.php?rest_route=\/wp\/v2\/pages\/715\/revisions"}],"predecessor-version":[{"id":716,"href":"https:\/\/ruderverband-suedwest.de\/index.php?rest_route=\/wp\/v2\/pages\/715\/revisions\/716"}],"wp:attachment":[{"href":"https:\/\/ruderverband-suedwest.de\/index.php?rest_route=%2Fwp%2Fv2%2Fmedia&parent=715"}],"curies":[{"name":"wp","href":"https:\/\/api.w.org\/{rel}","templated":true}]}}