{"id":790,"date":"2022-08-30T20:31:32","date_gmt":"2022-08-30T20:31:32","guid":{"rendered":"http:\/\/ruderverband-suedwest.de\/?page_id=790"},"modified":"2025-09-29T08:55:56","modified_gmt":"2025-09-29T08:55:56","slug":"trainer-des-ruderverbandes","status":"publish","type":"page","link":"https:\/\/ruderverband-suedwest.de\/?page_id=790","title":{"rendered":"Trainer des Ruderverbandes"},"content":{"rendered":"\n<p><\/p>\n\n\n\n<p><strong><mark style=\"background-color:rgba(0, 0, 0, 0)\" class=\"has-inline-color has-luminous-vivid-orange-color\">Larina Wiesen<\/mark><\/strong><br><img loading=\"lazy\" decoding=\"async\" width=\"150\" height=\"145\" class=\"wp-image-1433\" style=\"width: 150px;\" src=\"https:\/\/ruderverband-suedwest.de\/wp-content\/uploads\/2025\/09\/Larina-Wiesen.jpg\" alt=\"\" srcset=\"https:\/\/ruderverband-suedwest.de\/wp-content\/uploads\/2025\/09\/Larina-Wiesen.jpg 890w, https:\/\/ruderverband-suedwest.de\/wp-content\/uploads\/2025\/09\/Larina-Wiesen-300x289.jpg 300w, https:\/\/ruderverband-suedwest.de\/wp-content\/uploads\/2025\/09\/Larina-Wiesen-768x740.jpg 768w\" sizes=\"auto, (max-width: 150px) 100vw, 150px\" \/><br>Leitende Landestrainerin<br>St\u00fctzpunkttrainerin in Trier<br>Mail: <a href=\"mailto:Larina.Wiesen@Ruderverband-Suedwest.DE\">Larina Wiesen<\/a><\/p>\n\n\n\n<p><br><strong><mark style=\"background-color:rgba(0, 0, 0, 0)\" class=\"has-inline-color has-luminous-vivid-orange-color\">Diethelm Maxrath<\/mark><\/strong><br><img loading=\"lazy\" decoding=\"async\" width=\"150\" height=\"197\" class=\"wp-image-903\" style=\"width: 150px;\" src=\"https:\/\/ruderverband-suedwest.de\/wp-content\/uploads\/2022\/11\/Max.jpg\" alt=\"\" srcset=\"https:\/\/ruderverband-suedwest.de\/wp-content\/uploads\/2022\/11\/Max.jpg 336w, https:\/\/ruderverband-suedwest.de\/wp-content\/uploads\/2022\/11\/Max-228x300.jpg 228w\" sizes=\"auto, (max-width: 150px) 100vw, 150px\" \/><br>Landestrainer Saarland<br>St\u00fctzpunkttrainer Saarbr\u00fccken<br>Mail: <a href=\"mailto:Diethelm.Maxrath@ruderverband-suedwest.de\" data-type=\"mailto\" data-id=\"mailto:Diethelm.Maxrath@ruderverband-suedwest.de\">Diethelm Maxrath<\/a><\/p>\n\n\n\n<p><\/p>\n\n\n\n<p><br><strong><span class=\"has-inline-color has-luminous-vivid-orange-color\">Wladislaw Dmytrenko<\/span><\/strong><br><img loading=\"lazy\" decoding=\"async\" width=\"150\" height=\"204\" class=\"wp-image-1469\" style=\"width: 150px;\" src=\"https:\/\/ruderverband-suedwest.de\/wp-content\/uploads\/2025\/09\/Wlad.jpeg\" alt=\"\" srcset=\"https:\/\/ruderverband-suedwest.de\/wp-content\/uploads\/2025\/09\/Wlad.jpeg 942w, https:\/\/ruderverband-suedwest.de\/wp-content\/uploads\/2025\/09\/Wlad-221x300.jpeg 221w, https:\/\/ruderverband-suedwest.de\/wp-content\/uploads\/2025\/09\/Wlad-754x1024.jpeg 754w, https:\/\/ruderverband-suedwest.de\/wp-content\/uploads\/2025\/09\/Wlad-768x1044.jpeg 768w\" sizes=\"auto, (max-width: 150px) 100vw, 150px\" \/><br>St\u00fctzpunkttrainer Koblenz <br>Mail: <a href=\"mailto:stuetzpunkt@kc-rhenania.de\">Wladislaw Dmytrenko<\/a><\/p>\n\n\n\n<p><br><strong><mark style=\"background-color:rgba(0, 0, 0, 0)\" class=\"has-inline-color has-luminous-vivid-orange-color\">Julia Hoffmann<\/mark><\/strong><br><img loading=\"lazy\" decoding=\"async\" width=\"150\" height=\"134\" class=\"wp-image-1442\" style=\"width: 150px;\" src=\"https:\/\/ruderverband-suedwest.de\/wp-content\/uploads\/2025\/09\/JuliaHoffmann-klein.jpg\" alt=\"\"><br>Jugendleiterin S\u00fcdwest<br>Koordinatorin am Landesleistungszentrum Mainz<br>Mail: <a href=\"mailto:jugendleiter@ruderverband-suedwest.de\">Julia Hoffmann<\/a><\/p>\n\n\n\n<p><\/p>\n\n\n\n<p><\/p>\n","protected":false},"excerpt":{"rendered":"<p>Larina WiesenLeitende LandestrainerinSt\u00fctzpunkttrainerin in TrierMail: Larina Wiesen Diethelm MaxrathLandestrainer SaarlandSt\u00fctzpunkttrainer Saarbr\u00fcckenMail: Diethelm Maxrath Wladislaw DmytrenkoSt\u00fctzpunkttrainer Koblenz Mail: Wladislaw Dmytrenko Julia HoffmannJugendleiterin S\u00fcdwestKoordinatorin am Landesleistungszentrum MainzMail: Julia Hoffmann<\/p>\n","protected":false},"author":1,"featured_media":0,"parent":68,"menu_order":0,"comment_status":"closed","ping_status":"closed","template":"","meta":{"footnotes":""},"class_list":["post-790","page","type-page","status-publish","hentry"],"_links":{"self":[{"href":"https:\/\/ruderverband-suedwest.de\/index.php?rest_route=\/wp\/v2\/pages\/790","targetHints":{"allow":["GET"]}}],"collection":[{"href":"https:\/\/ruderverband-suedwest.de\/index.php?rest_route=\/wp\/v2\/pages"}],"about":[{"href":"https:\/\/ruderverband-suedwest.de\/index.php?rest_route=\/wp\/v2\/types\/page"}],"author":[{"embeddable":true,"href":"https:\/\/ruderverband-suedwest.de\/index.php?rest_route=\/wp\/v2\/users\/1"}],"replies":[{"embeddable":true,"href":"https:\/\/ruderverband-suedwest.de\/index.php?rest_route=%2Fwp%2Fv2%2Fcomments&post=790"}],"version-history":[{"count":33,"href":"https:\/\/ruderverband-suedwest.de\/index.php?rest_route=\/wp\/v2\/pages\/790\/revisions"}],"predecessor-version":[{"id":1470,"href":"https:\/\/ruderverband-suedwest.de\/index.php?rest_route=\/wp\/v2\/pages\/790\/revisions\/1470"}],"up":[{"embeddable":true,"href":"https:\/\/ruderverband-suedwest.de\/index.php?rest_route=\/wp\/v2\/pages\/68"}],"wp:attachment":[{"href":"https:\/\/ruderverband-suedwest.de\/index.php?rest_route=%2Fwp%2Fv2%2Fmedia&parent=790"}],"curies":[{"name":"wp","href":"https:\/\/api.w.org\/{rel}","templated":true}]}}